Last updated on 2023-12-09 00:52:40 CET.
Flavor | Version | Tinstall | Tcheck | Ttotal | Status | Flags |
---|---|---|---|---|---|---|
r-devel-linux-x86_64-debian-clang | 2.0.1 | 5.45 | 53.45 | 58.90 | NOTE | |
r-devel-linux-x86_64-debian-gcc | 2.0.1 | 4.30 | 43.13 | 47.43 | NOTE | |
r-devel-linux-x86_64-fedora-clang | 2.0.1 | 71.22 | NOTE | |||
r-devel-linux-x86_64-fedora-gcc | 2.0.1 | 73.50 | NOTE | |||
r-devel-windows-x86_64 | 2.0.1 | 6.00 | 65.00 | 71.00 | OK | |
r-patched-linux-x86_64 | 2.0.1 | 5.15 | 54.96 | 60.11 | NOTE | |
r-release-linux-x86_64 | 2.0.1 | 5.44 | 54.36 | 59.80 | NOTE | |
r-release-macos-arm64 | 2.0.1 | 31.00 | OK | |||
r-release-macos-x86_64 | 2.0.1 | 44.00 | OK | |||
r-release-windows-x86_64 | 2.0.1 | 6.00 | 68.00 | 74.00 | OK | |
r-oldrel-macos-arm64 | 2.0.1 | 35.00 | OK | |||
r-oldrel-macos-x86_64 | 2.0.1 | 51.00 | OK | |||
r-oldrel-windows-x86_64 | 2.0.1 | 7.00 | 72.00 | 79.00 | OK |
Version: 2.0.1
Check: for non-standard things in the check directory
Result: NOTE
Found the following files/directories:
‘RRprof.out’
Flavors: r-devel-linux-x86_64-debian-clang, r-devel-linux-x86_64-debian-gcc, r-devel-linux-x86_64-fedora-clang, r-devel-linux-x86_64-fedora-gcc, r-patched-linux-x86_64, r-release-linux-x86_64