CRAN Package Check Results for Package GUIProfiler

Last updated on 2022-01-29 09:49:01 CET.

Flavor Version Tinstall Tcheck Ttotal Status Flags
r-devel-linux-x86_64-debian-clang 2.0.1 4.98 66.11 71.09 NOTE
r-devel-linux-x86_64-debian-gcc 2.0.1 4.58 50.49 55.07 NOTE
r-devel-linux-x86_64-fedora-clang 2.0.1 82.75 NOTE
r-devel-linux-x86_64-fedora-gcc 2.0.1 74.19 NOTE
r-devel-windows-x86_64-new-UL 2.0.1 34.00 84.00 118.00 OK
r-devel-windows-x86_64-new-TK 2.0.1 OK
r-patched-linux-x86_64 2.0.1 NOTE
r-release-linux-x86_64 2.0.1 4.43 62.86 67.29 NOTE
r-release-macos-arm64 2.0.1 OK
r-release-macos-x86_64 2.0.1 OK
r-release-windows-ix86+x86_64 2.0.1 12.00 79.00 91.00 OK
r-oldrel-macos-x86_64 2.0.1 OK
r-oldrel-windows-ix86+x86_64 2.0.1 12.00 79.00 91.00 OK

Check Details

Version: 2.0.1
Check: for non-standard things in the check directory
Result: NOTE
    Found the following files/directories:
     'RRprof.out'
Flavors: r-devel-linux-x86_64-debian-clang, r-devel-linux-x86_64-debian-gcc, r-devel-linux-x86_64-fedora-clang, r-devel-linux-x86_64-fedora-gcc, r-patched-linux-x86_64, r-release-linux-x86_64