CRAN Package Check Results for Package GUIProfiler

Last updated on 2022-12-06 02:54:15 CET.

Flavor Version Tinstall Tcheck Ttotal Status Flags
r-devel-linux-x86_64-debian-clang 2.0.1 5.15 58.56 63.71 NOTE
r-devel-linux-x86_64-debian-gcc 2.0.1 4.18 45.09 49.27 NOTE
r-devel-linux-x86_64-fedora-clang 2.0.1 87.84 NOTE
r-devel-linux-x86_64-fedora-gcc 2.0.1 89.55 NOTE
r-devel-windows-x86_64 2.0.1 17.00 83.00 100.00 OK
r-patched-linux-x86_64 2.0.1 4.87 55.79 60.66 NOTE
r-release-linux-x86_64 2.0.1 4.28 56.38 60.66 NOTE
r-release-macos-arm64 2.0.1 33.00 OK
r-release-macos-x86_64 2.0.1 51.00 OK
r-release-windows-x86_64 2.0.1 16.00 85.00 101.00 OK
r-oldrel-macos-arm64 2.0.1 41.00 OK
r-oldrel-macos-x86_64 2.0.1 74.00 OK
r-oldrel-windows-ix86+x86_64 2.0.1 12.00 86.00 98.00 OK

Check Details

Version: 2.0.1
Check: for non-standard things in the check directory
Result: NOTE
    Found the following files/directories:
     'RRprof.out'
Flavors: r-devel-linux-x86_64-debian-clang, r-devel-linux-x86_64-debian-gcc, r-devel-linux-x86_64-fedora-clang, r-devel-linux-x86_64-fedora-gcc, r-patched-linux-x86_64, r-release-linux-x86_64