CRAN Package Check Results for Package GUniFrac

Last updated on 2021-09-28 17:49:47 CEST.

Flavor Version Tinstall Tcheck Ttotal Status Flags
r-devel-linux-x86_64-debian-clang 1.3 26.83 101.46 128.29 OK
r-devel-linux-x86_64-debian-gcc 1.3 18.89 74.67 93.56 OK
r-devel-linux-x86_64-fedora-clang 1.3 165.58 NOTE
r-devel-linux-x86_64-fedora-gcc 1.3 158.05 OK
r-devel-windows-x86_64 1.3 26.00 102.00 128.00 OK
r-devel-windows-x86_64-gcc10-UCRT 1.3 OK
r-patched-linux-x86_64 1.3 24.78 95.58 120.36 OK
r-patched-solaris-x86 1.3 213.20 OK
r-release-linux-x86_64 1.3 23.04 96.75 119.79 OK
r-release-macos-arm64 1.3 OK
r-release-macos-x86_64 1.3 OK
r-release-windows-ix86+x86_64 1.3 61.00 190.00 251.00 OK
r-oldrel-macos-x86_64 1.3 OK
r-oldrel-windows-ix86+x86_64 1.3 43.00 137.00 180.00 OK

Check Details

Version: 1.3
Check: Rd cross-references
Result: NOTE
    Undeclared package ‘permute’ in Rd xrefs
Flavor: r-devel-linux-x86_64-fedora-clang