Last updated on 2023-02-02 14:50:57 CET.
Flavor | Version | Tinstall | Tcheck | Ttotal | Status | Flags |
---|---|---|---|---|---|---|
r-devel-linux-x86_64-debian-clang | 1.7 | 31.46 | 181.41 | 212.87 | OK | |
r-devel-linux-x86_64-debian-gcc | 1.7 | 24.64 | 128.36 | 153.00 | OK | |
r-devel-linux-x86_64-fedora-clang | 1.7 | 274.42 | NOTE | |||
r-devel-linux-x86_64-fedora-gcc | 1.7 | 291.08 | OK | |||
r-devel-windows-x86_64 | 1.7 | 50.00 | 229.00 | 279.00 | OK | |
r-patched-linux-x86_64 | 1.7 | 34.91 | 168.80 | 203.71 | OK | |
r-release-linux-x86_64 | 1.7 | 31.11 | 196.34 | 227.45 | OK | |
r-release-macos-arm64 | 1.7 | 83.00 | OK | |||
r-release-macos-x86_64 | 1.7 | 107.00 | OK | |||
r-release-windows-x86_64 | 1.7 | 45.00 | 251.00 | 296.00 | OK | |
r-oldrel-macos-arm64 | 1.7 | 80.00 | OK | |||
r-oldrel-macos-x86_64 | 1.7 | 109.00 | OK | |||
r-oldrel-windows-ix86+x86_64 | 1.7 | 77.00 | 289.00 | 366.00 | OK |
Version: 1.7
Check: Rd cross-references
Result: NOTE
Undeclared package ‘permute’ in Rd xrefs
Flavor: r-devel-linux-x86_64-fedora-clang