CRAN Package Check Results for Package GWASbyCluster

Last updated on 2024-02-27 08:55:18 CET.

Flavor Version Tinstall Tcheck Ttotal Status Flags
r-devel-linux-x86_64-debian-clang 0.1.7 12.52 116.54 129.06 NOTE
r-devel-linux-x86_64-debian-gcc 0.1.7 9.84 87.82 97.66 NOTE
r-devel-linux-x86_64-fedora-clang 0.1.7 157.54 NOTE
r-devel-linux-x86_64-fedora-gcc 0.1.7 161.74 NOTE
r-devel-windows-x86_64 0.1.7 11.00 102.00 113.00 OK
r-patched-linux-x86_64 0.1.7 9.79 112.84 122.63 OK
r-release-linux-x86_64 0.1.7 9.00 114.70 123.70 OK
r-release-macos-arm64 0.1.7 5.00 ERROR
r-release-macos-x86_64 0.1.7 97.00 OK
r-release-windows-x86_64 0.1.7 12.00 121.00 133.00 OK
r-oldrel-macos-arm64 0.1.7 45.00 OK
r-oldrel-windows-x86_64 0.1.7 16.00 126.00 142.00 OK

Check Details

Version: 0.1.7
Check: Rd files
Result: NOTE checkRd: (-1) esSim.Rd:81: Lost braces; missing escapes or markup? 81 | \eqn{83} SNPs are in cluster {-}, \eqn{714} SNPs are in cluster \eqn{0}, | ^ checkRd: (-1) esSimDiffPriors.Rd:91: Lost braces; missing escapes or markup? 91 | \eqn{64} SNPs are in cluster {-}, \eqn{708} SNPs are in cluster \eqn{0}, | ^ Flavors: r-devel-linux-x86_64-debian-clang, r-devel-linux-x86_64-debian-gcc, r-devel-linux-x86_64-fedora-clang, r-devel-linux-x86_64-fedora-gcc

Version: 0.1.7
Check: package dependencies
Result: ERROR Package required but not available: ‘snpStats’ See section ‘The DESCRIPTION file’ in the ‘Writing R Extensions’ manual. Flavor: r-release-macos-arm64