CRAN Package Check Results for Package GWASbyCluster

Last updated on 2021-07-30 22:57:28 CEST.

Flavor Version Tinstall Tcheck Ttotal Status Flags
r-devel-linux-x86_64-debian-clang 0.1.7 OK
r-devel-linux-x86_64-debian-gcc 0.1.7 9.69 81.29 90.98 OK
r-devel-linux-x86_64-fedora-clang 0.1.7 149.44 OK
r-devel-linux-x86_64-fedora-gcc 0.1.7 139.79 OK
r-devel-windows-x86_64 0.1.7 18.00 135.00 153.00 OK
r-devel-windows-x86_64-gcc10-UCRT 0.1.7 OK
r-patched-linux-x86_64 0.1.7 OK
r-patched-solaris-x86 0.1.7 200.10 OK
r-release-linux-x86_64 0.1.7 10.96 104.12 115.08 OK
r-release-macos-arm64 0.1.7 ERROR
r-release-macos-x86_64 0.1.7 OK
r-release-windows-ix86+x86_64 0.1.7 23.00 112.00 135.00 OK
r-oldrel-macos-x86_64 0.1.7 OK
r-oldrel-windows-ix86+x86_64 0.1.7 22.00 128.00 150.00 OK

Check Details

Version: 0.1.7
Check: package dependencies
Result: ERROR
    Package required but not available: ‘snpStats’
    
    See section ‘The DESCRIPTION file’ in the ‘Writing R Extensions’
    manual.
Flavor: r-release-macos-arm64