CRAN Package Check Results for Package GWEX

Last updated on 2021-05-15 21:46:53 CEST.

Flavor Version Tinstall Tcheck Ttotal Status Flags
r-devel-linux-x86_64-debian-clang 1.0.2 5.95 39.39 45.34 OK
r-devel-linux-x86_64-debian-gcc 1.0.2 5.31 30.22 35.53 OK
r-devel-linux-x86_64-fedora-clang 1.0.2 65.51 NOTE
r-devel-linux-x86_64-fedora-gcc 1.0.2 56.67 NOTE
r-devel-windows-ix86+x86_64 1.0.2 19.00 66.00 85.00 OK
r-devel-windows-x86_64-gcc10-UCRT 1.0.2 OK
r-patched-linux-x86_64 1.0.2 5.49 38.62 44.11 OK
r-patched-solaris-x86 1.0.2 87.50 OK
r-release-linux-x86_64 1.0.2 6.18 38.22 44.40 OK
r-release-macos-x86_64 1.0.2 OK
r-release-windows-ix86+x86_64 1.0.2 15.00 73.00 88.00 OK
r-oldrel-macos-x86_64 1.0.2 OK
r-oldrel-windows-ix86+x86_64 1.0.2 9.00 75.00 84.00 OK

Check Details

Version: 1.0.2
Check: compiled code
Result: NOTE
    File ‘GWEX/libs/GWEX.so’:
     Found no calls to: ‘R_registerRoutines’, ‘R_useDynamicSymbols’
    
    It is good practice to register native routines and to disable symbol
    search.
    
    See ‘Writing portable packages’ in the ‘Writing R Extensions’ manual.
Flavors: r-devel-linux-x86_64-fedora-clang, r-devel-linux-x86_64-fedora-gcc