CRAN Package Check Results for Package GWLelast

Last updated on 2019-07-21 21:46:56 CEST.

Flavor Version Tinstall Tcheck Ttotal Status Flags
r-devel-linux-x86_64-debian-clang 1.2.2 5.08 54.43 59.51 OK
r-devel-linux-x86_64-debian-gcc 1.2.2 5.48 44.24 49.72 OK
r-devel-linux-x86_64-fedora-clang 1.2.2 72.85 NOTE
r-devel-linux-x86_64-fedora-gcc 1.2.2 71.30 NOTE
r-devel-windows-ix86+x86_64 1.2.2 12.00 86.00 98.00 OK
r-patched-linux-x86_64 1.2.2 6.49 54.38 60.87 OK
r-patched-solaris-x86 1.2.2 114.40 NOTE
r-release-linux-x86_64 1.2.2 6.31 53.50 59.81 OK
r-release-windows-ix86+x86_64 1.2.2 13.00 66.00 79.00 OK
r-release-osx-x86_64 1.2.2 NOTE
r-oldrel-windows-ix86+x86_64 1.2.2 10.00 80.00 90.00 OK
r-oldrel-osx-x86_64 1.2.2 NOTE

Check Details

Version: 1.2.2
Check: dependencies in R code
Result: NOTE
    Namespaces in Imports field not imported from:
     ‘doParallel’ ‘foreach’ ‘spgwr’
     All declared Imports should be used.
Flavors: r-devel-linux-x86_64-fedora-clang, r-devel-linux-x86_64-fedora-gcc, r-patched-solaris-x86, r-release-osx-x86_64, r-oldrel-osx-x86_64