Last updated on 2022-05-29 12:55:17 CEST.
Flavor | Version | Tinstall | Tcheck | Ttotal | Status | Flags |
---|---|---|---|---|---|---|
r-devel-linux-x86_64-debian-clang | 2.2-8 | 90.71 | 432.05 | 522.76 | OK | |
r-devel-linux-x86_64-debian-gcc | 2.2-8 | 80.59 | 313.79 | 394.38 | OK | |
r-devel-linux-x86_64-fedora-clang | 2.2-8 | 665.64 | NOTE | |||
r-devel-linux-x86_64-fedora-gcc | 2.2-8 | 673.36 | OK | |||
r-devel-windows-x86_64 | 2.2-8 | 104.00 | 443.00 | 547.00 | OK | |
r-patched-linux-x86_64 | 2.2-8 | 90.51 | 416.14 | 506.65 | OK | |
r-release-linux-x86_64 | 2.2-8 | 86.99 | 411.61 | 498.60 | OK | |
r-release-macos-arm64 | 2.2-8 | 146.00 | NOTE | |||
r-release-macos-x86_64 | 2.2-8 | 191.00 | NOTE | |||
r-release-windows-x86_64 | 2.2-8 | 112.00 | 446.00 | 558.00 | OK | |
r-oldrel-macos-arm64 | 2.2-8 | 138.00 | NOTE | |||
r-oldrel-macos-x86_64 | 2.2-8 | 137.00 | NOTE | |||
r-oldrel-windows-ix86+x86_64 | 2.2-8 | 218.00 | 592.00 | 810.00 | NOTE |
Version: 2.2-8
Check: installed package size
Result: NOTE
installed size is 5.5Mb
sub-directories of 1Mb or more:
data 1.5Mb
libs 3.2Mb
Flavors: r-devel-linux-x86_64-fedora-clang, r-release-macos-arm64, r-release-macos-x86_64, r-oldrel-macos-arm64, r-oldrel-macos-x86_64, r-oldrel-windows-ix86+x86_64