CRAN Package Check Results for Package GWnnegPCA

Last updated on 2020-10-29 10:50:17 CET.

Flavor Version Tinstall Tcheck Ttotal Status Flags
r-devel-linux-x86_64-debian-clang 0.0.2 15.60 160.06 175.66 OK
r-devel-linux-x86_64-debian-gcc 0.0.2 13.62 118.15 131.77 OK
r-devel-linux-x86_64-fedora-clang 0.0.2 216.86 NOTE
r-devel-linux-x86_64-fedora-gcc 0.0.2 228.21 NOTE
r-devel-windows-ix86+x86_64 0.0.2 49.00 214.00 263.00 OK
r-patched-linux-x86_64 0.0.2 14.20 145.05 159.25 OK
r-patched-solaris-x86 0.0.2 294.40 NOTE
r-release-linux-x86_64 0.0.2 14.53 146.49 161.02 OK
r-release-macos-x86_64 0.0.2 NOTE
r-release-windows-ix86+x86_64 0.0.2 36.00 217.00 253.00 OK
r-oldrel-macos-x86_64 0.0.2 NOTE
r-oldrel-windows-ix86+x86_64 0.0.2 43.00 183.00 226.00 OK

Check Details

Version: 0.0.2
Check: dependencies in R code
Result: NOTE
    Namespace in Imports field not imported from: ‘sf’
     All declared Imports should be used.
Flavors: r-devel-linux-x86_64-fedora-clang, r-devel-linux-x86_64-fedora-gcc, r-patched-solaris-x86, r-release-macos-x86_64, r-oldrel-macos-x86_64