CRAN Package Check Results for Package GaussianHMM1d

Last updated on 2022-11-29 04:52:29 CET.

Flavor Version Tinstall Tcheck Ttotal Status Flags
r-devel-linux-x86_64-debian-clang 1.0.1 2.41 29.81 32.22 NOTE
r-devel-linux-x86_64-debian-gcc 1.0.1 2.12 23.13 25.25 NOTE
r-devel-linux-x86_64-fedora-clang 1.0.1 52.77 NOTE
r-devel-linux-x86_64-fedora-gcc 1.0.1 49.69 NOTE
r-devel-windows-x86_64 1.0.1 19.00 58.00 77.00 NOTE
r-patched-linux-x86_64 1.0.1 1.84 28.05 29.89 NOTE
r-release-linux-x86_64 1.0.1 2.77 28.78 31.55 NOTE
r-release-macos-arm64 1.0.1 18.00 NOTE
r-release-macos-x86_64 1.0.1 22.00 NOTE
r-release-windows-x86_64 1.0.1 27.00 55.00 82.00 NOTE
r-oldrel-macos-arm64 1.0.1 25.00 NOTE
r-oldrel-macos-x86_64 1.0.1 30.00 NOTE
r-oldrel-windows-ix86+x86_64 1.0.1 7.00 58.00 65.00 NOTE

Check Details

Version: 1.0.1
Check: LazyData
Result: NOTE
     'LazyData' is specified without a 'data' directory
Flavors: r-devel-linux-x86_64-debian-clang, r-devel-linux-x86_64-debian-gcc, r-devel-linux-x86_64-fedora-clang, r-devel-linux-x86_64-fedora-gcc, r-devel-windows-x86_64, r-patched-linux-x86_64, r-release-linux-x86_64, r-release-macos-arm64, r-release-macos-x86_64, r-release-windows-x86_64, r-oldrel-macos-arm64, r-oldrel-macos-x86_64, r-oldrel-windows-ix86+x86_64