Last updated on 2023-05-30 23:52:31 CEST.
Flavor | Version | Tinstall | Tcheck | Ttotal | Status | Flags |
---|---|---|---|---|---|---|
r-devel-linux-x86_64-debian-clang | 1.1.0 | 26.90 | 240.43 | 267.33 | OK | |
r-devel-linux-x86_64-debian-gcc | 1.1.0 | 20.49 | 177.22 | 197.71 | OK | |
r-devel-linux-x86_64-fedora-clang | 1.1.0 | 328.56 | OK | |||
r-devel-linux-x86_64-fedora-gcc | 1.1.0 | 378.30 | OK | |||
r-devel-windows-x86_64 | 1.1.0 | 22.00 | 168.00 | 190.00 | OK | |
r-patched-linux-x86_64 | 1.1.0 | 23.53 | 220.29 | 243.82 | OK | |
r-release-linux-x86_64 | 1.1.0 | 19.87 | 221.31 | 241.18 | OK | |
r-release-macos-arm64 | 1.1.0 | 101.00 | OK | |||
r-release-macos-x86_64 | 1.1.0 | 159.00 | OK | |||
r-release-windows-x86_64 | 1.1.0 | 30.00 | 216.00 | 246.00 | OK | |
r-oldrel-macos-arm64 | 1.1.0 | 9.00 | ERROR | |||
r-oldrel-macos-x86_64 | 1.1.0 | 14.00 | ERROR | |||
r-oldrel-windows-x86_64 | 1.1.0 | 30.00 | 214.00 | 244.00 | OK |
Version: 1.1.0
Check: package dependencies
Result: ERROR
Packages required and available but unsuitable versions:
'biomaRt', 'grDevices', 'graphics', 'utils'
See section ‘The DESCRIPTION file’ in the ‘Writing R Extensions’
manual.
Flavors: r-oldrel-macos-arm64, r-oldrel-macos-x86_64