CRAN Package Check Results for Package GenAlgo

Last updated on 2021-10-16 06:48:11 CEST.

Flavor Version Tinstall Tcheck Ttotal Status Flags
r-devel-linux-x86_64-debian-clang 2.2.0 2.62 41.58 44.20 OK
r-devel-linux-x86_64-debian-gcc 2.2.0 2.43 32.15 34.58 OK
r-devel-linux-x86_64-fedora-clang 2.2.0 64.87 NOTE
r-devel-linux-x86_64-fedora-gcc 2.2.0 54.72 NOTE
r-devel-windows-x86_64 2.2.0 5.00 53.00 58.00 OK
r-devel-windows-x86_64-gcc10-UCRT 2.2.0 NOTE
r-patched-linux-x86_64 2.2.0 3.04 40.39 43.43 OK
r-patched-solaris-x86 2.2.0 82.90 NOTE
r-release-linux-x86_64 2.2.0 2.91 40.30 43.21 OK
r-release-macos-arm64 2.2.0 NOTE
r-release-macos-x86_64 2.2.0 NOTE
r-release-windows-ix86+x86_64 2.2.0 9.00 74.00 83.00 OK
r-oldrel-macos-x86_64 2.2.0 NOTE
r-oldrel-windows-ix86+x86_64 2.2.0 9.00 76.00 85.00 OK

Check Details

Version: 2.2.0
Check: data for non-ASCII characters
Result: NOTE
     Note: found 17 marked UTF-8 strings
Flavors: r-devel-linux-x86_64-fedora-clang, r-devel-linux-x86_64-fedora-gcc, r-devel-windows-x86_64-gcc10-UCRT, r-patched-solaris-x86, r-release-macos-arm64, r-release-macos-x86_64, r-oldrel-macos-x86_64