CRAN Package Check Results for Package GenAlgo

Last updated on 2020-04-06 10:47:40 CEST.

Flavor Version Tinstall Tcheck Ttotal Status Flags
r-devel-linux-x86_64-debian-clang 2.1.5 2.81 38.23 41.04 OK
r-devel-linux-x86_64-debian-gcc 2.1.5 2.37 30.71 33.08 OK
r-devel-linux-x86_64-fedora-clang 2.1.5 50.77 NOTE
r-devel-linux-x86_64-fedora-gcc 2.1.5 49.91 NOTE
r-devel-windows-ix86+x86_64 2.1.5 11.00 60.00 71.00 OK
r-devel-windows-ix86+x86_64-gcc8 2.1.5 6.00 58.00 64.00 OK
r-patched-linux-x86_64 2.1.5 2.98 38.00 40.98 OK
r-patched-solaris-x86 2.1.5 74.60 NOTE
r-release-linux-x86_64 2.1.5 2.50 35.43 37.93 OK
r-release-windows-ix86+x86_64 2.1.5 6.00 77.00 83.00 OK
r-release-osx-x86_64 2.1.5 NOTE
r-oldrel-windows-ix86+x86_64 2.1.5 5.00 55.00 60.00 OK
r-oldrel-osx-x86_64 2.1.5 NOTE

Check Details

Version: 2.1.5
Check: data for non-ASCII characters
Result: NOTE
     Note: found 17 marked UTF-8 strings
Flavors: r-devel-linux-x86_64-fedora-clang, r-devel-linux-x86_64-fedora-gcc, r-patched-solaris-x86, r-release-osx-x86_64, r-oldrel-osx-x86_64