Last updated on 2023-03-29 02:55:26 CEST.
Flavor | Version | Tinstall | Tcheck | Ttotal | Status | Flags |
---|---|---|---|---|---|---|
r-devel-linux-x86_64-debian-clang | 1.2 | 1.82 | 27.00 | 28.82 | OK | |
r-devel-linux-x86_64-debian-gcc | 1.2 | 1.50 | 21.05 | 22.55 | OK | |
r-devel-linux-x86_64-fedora-clang | 1.2 | 38.46 | NOTE | |||
r-devel-linux-x86_64-fedora-gcc | 1.2 | 37.30 | OK | |||
r-devel-windows-x86_64 | 1.2 | 19.00 | 62.00 | 81.00 | OK | |
r-patched-linux-x86_64 | 1.2 | 2.30 | 26.19 | 28.49 | OK | |
r-release-linux-x86_64 | 1.2 | 1.97 | 27.20 | 29.17 | OK | |
r-release-macos-arm64 | 1.2 | 26.00 | OK | |||
r-release-macos-x86_64 | 1.2 | 36.00 | OK | |||
r-release-windows-x86_64 | 1.2 | 33.00 | 75.00 | 108.00 | OK | |
r-oldrel-macos-arm64 | 1.2 | 25.00 | OK | |||
r-oldrel-macos-x86_64 | 1.2 | 37.00 | OK | |||
r-oldrel-windows-ix86+x86_64 | 1.2 | 5.00 | 46.00 | 51.00 | OK |
Version: 1.2
Check: Rd cross-references
Result: NOTE
Undeclared package ‘poibin’ in Rd xrefs
Flavor: r-devel-linux-x86_64-fedora-clang