CRAN Package Check Results for Package GenBinomApps

Last updated on 2022-10-04 02:54:40 CEST.

Flavor Version Tinstall Tcheck Ttotal Status Flags
r-devel-linux-x86_64-debian-clang 1.2 2.25 27.86 30.11 OK
r-devel-linux-x86_64-debian-gcc 1.2 1.85 21.45 23.30 OK
r-devel-linux-x86_64-fedora-clang 1.2 50.62 NOTE
r-devel-linux-x86_64-fedora-gcc 1.2 49.71 OK
r-devel-windows-x86_64 1.2 7.00 61.00 68.00 OK
r-patched-linux-x86_64 1.2 1.71 26.31 28.02 OK
r-release-linux-x86_64 1.2 1.85 26.24 28.09 OK
r-release-macos-arm64 1.2 26.00 OK
r-release-macos-x86_64 1.2 36.00 OK
r-release-windows-x86_64 1.2 33.00 75.00 108.00 OK
r-oldrel-macos-arm64 1.2 25.00 OK
r-oldrel-macos-x86_64 1.2 37.00 OK
r-oldrel-windows-ix86+x86_64 1.2 5.00 46.00 51.00 OK

Check Details

Version: 1.2
Check: Rd cross-references
Result: NOTE
    Undeclared package ‘poibin’ in Rd xrefs
Flavor: r-devel-linux-x86_64-fedora-clang