CRAN Package Check Results for Package GenHMM1d

Last updated on 2021-09-24 16:50:03 CEST.

Flavor Version Tinstall Tcheck Ttotal Status Flags
r-devel-linux-x86_64-debian-clang 0.1.0 18.31 108.00 126.31 NOTE
r-devel-linux-x86_64-debian-gcc 0.1.0 16.86 77.87 94.73 NOTE
r-devel-linux-x86_64-fedora-clang 0.1.0 102.04 NOTE
r-devel-linux-x86_64-fedora-gcc 0.1.0 79.76 NOTE
r-devel-windows-x86_64 0.1.0 22.00 90.00 112.00 NOTE
r-devel-windows-x86_64-gcc10-UCRT 0.1.0 NOTE
r-patched-linux-x86_64 0.1.0 18.42 100.36 118.78 NOTE
r-patched-solaris-x86 0.1.0 163.60 NOTE
r-release-linux-x86_64 0.1.0 13.24 102.94 116.18 NOTE
r-release-macos-arm64 0.1.0 NOTE
r-release-macos-x86_64 0.1.0 NOTE
r-release-windows-ix86+x86_64 0.1.0 36.00 119.00 155.00 NOTE
r-oldrel-macos-x86_64 0.1.0 OK
r-oldrel-windows-ix86+x86_64 0.1.0 27.00 92.00 119.00 OK

Check Details

Version: 0.1.0
Check: LazyData
Result: NOTE
     'LazyData' is specified without a 'data' directory
Flavors: r-devel-linux-x86_64-debian-clang, r-devel-linux-x86_64-debian-gcc, r-devel-linux-x86_64-fedora-clang, r-devel-linux-x86_64-fedora-gcc, r-devel-windows-x86_64, r-devel-windows-x86_64-gcc10-UCRT, r-patched-linux-x86_64, r-patched-solaris-x86, r-release-linux-x86_64, r-release-macos-arm64, r-release-macos-x86_64, r-release-windows-ix86+x86_64