CRAN Package Check Results for Package GenomeAdapt

Last updated on 2022-05-16 19:50:04 CEST.

Flavor Version Tinstall Tcheck Ttotal Status Flags
r-devel-linux-x86_64-debian-clang 1.0.0 0.44 12.06 12.50 ERROR
r-devel-linux-x86_64-debian-gcc 1.0.0 0.34 9.01 9.35 ERROR
r-devel-linux-x86_64-fedora-clang 1.0.0 13.33 ERROR
r-devel-linux-x86_64-fedora-gcc 1.0.0 12.46 ERROR
r-devel-windows-x86_64 1.0.0 16.00 234.00 250.00 OK
r-patched-linux-x86_64 1.0.0 5.49 197.03 202.52 OK
r-release-linux-x86_64 1.0.0 6.51 203.02 209.53 OK
r-release-macos-arm64 1.0.0 112.00 OK
r-release-macos-x86_64 1.0.0 138.00 OK
r-release-windows-x86_64 1.0.0 30.00 236.00 266.00 OK
r-oldrel-macos-arm64 1.0.0 113.00 OK
r-oldrel-macos-x86_64 1.0.0 142.00 OK
r-oldrel-windows-ix86+x86_64 1.0.0 20.00 252.00 272.00 OK

Check Details

Version: 1.0.0
Check: package dependencies
Result: ERROR
    Package required but not available: 'SNPRelate'
    
    See section 'The DESCRIPTION file' in the 'Writing R Extensions'
    manual.
Flavors: r-devel-linux-x86_64-debian-clang, r-devel-linux-x86_64-debian-gcc, r-devel-linux-x86_64-fedora-clang, r-devel-linux-x86_64-fedora-gcc