CRAN Package Check Results for Package GenomicMating

Last updated on 2022-12-03 12:57:16 CET.

Flavor Version Tinstall Tcheck Ttotal Status Flags
r-devel-linux-x86_64-debian-clang 2.0 39.84 83.34 123.18 WARN
r-devel-linux-x86_64-debian-gcc 2.0 31.02 60.69 91.71 OK
r-devel-linux-x86_64-fedora-clang 2.0 183.75 WARN
r-devel-linux-x86_64-fedora-gcc 2.0 172.43 NOTE
r-devel-windows-x86_64 2.0 60.00 154.00 214.00 OK
r-patched-linux-x86_64 2.0 33.70 77.28 110.98 OK
r-release-linux-x86_64 2.0 33.69 79.39 113.08 OK
r-release-macos-arm64 2.0 45.00 NOTE
r-release-macos-x86_64 2.0 71.00 NOTE
r-release-windows-x86_64 2.0 62.00 130.00 192.00 OK
r-oldrel-macos-arm64 2.0 49.00 NOTE
r-oldrel-macos-x86_64 2.0 69.00 NOTE
r-oldrel-windows-ix86+x86_64 2.0 104.00 145.00 249.00 OK

Check Details

Version: 2.0
Check: whether package can be installed
Result: WARN
    Found the following significant warnings:
     MatingPrograms.cpp:31:8: warning: use of bitwise '&' with boolean operands [-Wbitwise-instead-of-logical]
     MatingPrograms.cpp:36:8: warning: use of bitwise '&' with boolean operands [-Wbitwise-instead-of-logical]
     MatingPrograms.cpp:42:8: warning: use of bitwise '&' with boolean operands [-Wbitwise-instead-of-logical]
     MatingPrograms.cpp:47:8: warning: use of bitwise '&' with boolean operands [-Wbitwise-instead-of-logical]
     MatingPrograms.cpp:52:8: warning: use of bitwise '&' with boolean operands [-Wbitwise-instead-of-logical]
     MatingPrograms.cpp:57:8: warning: use of bitwise '&' with boolean operands [-Wbitwise-instead-of-logical]
     MatingPrograms.cpp:62:8: warning: use of bitwise '&' with boolean operands [-Wbitwise-instead-of-logical]
     MatingPrograms.cpp:67:8: warning: use of bitwise '&' with boolean operands [-Wbitwise-instead-of-logical]
     MatingPrograms.cpp:72:8: warning: use of bitwise '&' with boolean operands [-Wbitwise-instead-of-logical]
Flavors: r-devel-linux-x86_64-debian-clang, r-devel-linux-x86_64-fedora-clang

Version: 2.0
Check: dependencies in R code
Result: NOTE
    Namespace in Imports field not imported from: ‘dplyr’
     All declared Imports should be used.
Flavors: r-devel-linux-x86_64-fedora-clang, r-devel-linux-x86_64-fedora-gcc, r-release-macos-arm64, r-release-macos-x86_64, r-oldrel-macos-arm64, r-oldrel-macos-x86_64