Last updated on 2023-06-07 01:03:25 CEST.
Flavor | Version | Tinstall | Tcheck | Ttotal | Status | Flags |
---|---|---|---|---|---|---|
r-devel-linux-x86_64-debian-clang | 1.0.1 | 83.63 | 57.68 | 141.31 | NOTE | |
r-devel-linux-x86_64-debian-gcc | 1.0.1 | 74.80 | 42.97 | 117.77 | NOTE | |
r-devel-linux-x86_64-fedora-clang | 1.0.1 | 203.13 | OK | |||
r-devel-linux-x86_64-fedora-gcc | 1.0.1 | 237.92 | OK | |||
r-devel-windows-x86_64 | 1.0.1 | 58.00 | 84.00 | 142.00 | NOTE | |
r-patched-linux-x86_64 | 1.0.1 | 61.33 | 57.68 | 119.01 | NOTE | |
r-release-linux-x86_64 | 1.0.1 | 59.89 | 56.66 | 116.55 | NOTE | |
r-release-macos-arm64 | 1.0.1 | 64.00 | NOTE | |||
r-release-macos-x86_64 | 1.0.1 | 100.00 | NOTE | |||
r-release-windows-x86_64 | 1.0.1 | 84.00 | 104.00 | 188.00 | NOTE | |
r-oldrel-macos-arm64 | 1.0.1 | 45.00 | NOTE | |||
r-oldrel-macos-x86_64 | 1.0.1 | 74.00 | NOTE | |||
r-oldrel-windows-x86_64 | 1.0.1 | 74.00 | 92.00 | 166.00 | NOTE |
Version: 1.0.1
Check: package dependencies
Result: NOTE
Package suggested but not available for checking: ‘INLA’
Flavors: r-devel-linux-x86_64-debian-clang, r-devel-linux-x86_64-debian-gcc, r-devel-windows-x86_64, r-patched-linux-x86_64, r-release-linux-x86_64, r-release-macos-arm64, r-release-macos-x86_64, r-release-windows-x86_64, r-oldrel-macos-arm64, r-oldrel-macos-x86_64, r-oldrel-windows-x86_64
Version: 1.0.1
Check: installed package size
Result: NOTE
installed size is 13.6Mb
sub-directories of 1Mb or more:
libs 12.8Mb
Flavors: r-devel-windows-x86_64, r-release-macos-arm64, r-release-macos-x86_64, r-release-windows-x86_64, r-oldrel-macos-arm64, r-oldrel-macos-x86_64, r-oldrel-windows-x86_64