CRAN Package Check Results for Package GeoRange

Last updated on 2020-10-22 22:48:28 CEST.

Flavor Version Tinstall Tcheck Ttotal Status Flags
r-devel-linux-x86_64-debian-clang 0.1.0 5.58 43.07 48.65 OK
r-devel-linux-x86_64-debian-gcc 0.1.0 3.43 33.14 36.57 OK
r-devel-linux-x86_64-fedora-clang 0.1.0 65.42 NOTE
r-devel-linux-x86_64-fedora-gcc 0.1.0 55.32 NOTE
r-devel-windows-ix86+x86_64 0.1.0 9.00 63.00 72.00 OK
r-patched-linux-x86_64 0.1.0 4.66 40.53 45.19 OK
r-patched-solaris-x86 0.1.0 77.40 NOTE
r-release-linux-x86_64 0.1.0 4.76 40.53 45.29 OK
r-release-macos-x86_64 0.1.0 NOTE
r-release-windows-ix86+x86_64 0.1.0 8.00 61.00 69.00 OK
r-oldrel-macos-x86_64 0.1.0 NOTE
r-oldrel-windows-ix86+x86_64 0.1.0 8.00 60.00 68.00 OK

Check Details

Version: 0.1.0
Check: dependencies in R code
Result: NOTE
    Namespace in Imports field not imported from: ‘velociraptr’
     All declared Imports should be used.
Flavors: r-devel-linux-x86_64-fedora-clang, r-devel-linux-x86_64-fedora-gcc, r-patched-solaris-x86, r-release-macos-x86_64, r-oldrel-macos-x86_64