CRAN Package Check Results for Package GeoRange

Last updated on 2021-10-21 22:50:35 CEST.

Flavor Version Tinstall Tcheck Ttotal Status Flags
r-devel-linux-x86_64-debian-clang 0.1.0 4.72 49.26 53.98 OK
r-devel-linux-x86_64-debian-gcc 0.1.0 3.79 37.52 41.31 OK
r-devel-linux-x86_64-fedora-clang 0.1.0 78.11 NOTE
r-devel-linux-x86_64-fedora-gcc 0.1.0 64.65 NOTE
r-devel-windows-x86_64 0.1.0 8.00 70.00 78.00 OK
r-devel-windows-x86_64-gcc10-UCRT 0.1.0 NOTE
r-patched-linux-x86_64 0.1.0 4.94 48.62 53.56 OK
r-patched-solaris-x86 0.1.0 88.10 NOTE
r-release-linux-x86_64 0.1.0 4.24 48.59 52.83 OK
r-release-macos-arm64 0.1.0 NOTE
r-release-macos-x86_64 0.1.0 NOTE
r-release-windows-ix86+x86_64 0.1.0 8.00 70.00 78.00 OK
r-oldrel-macos-x86_64 0.1.0 NOTE
r-oldrel-windows-ix86+x86_64 0.1.0 10.00 65.00 75.00 OK

Check Details

Version: 0.1.0
Check: dependencies in R code
Result: NOTE
    Namespace in Imports field not imported from: ‘velociraptr’
     All declared Imports should be used.
Flavors: r-devel-linux-x86_64-fedora-clang, r-devel-linux-x86_64-fedora-gcc, r-devel-windows-x86_64-gcc10-UCRT, r-patched-solaris-x86, r-release-macos-arm64, r-release-macos-x86_64, r-oldrel-macos-x86_64