CRAN Package Check Results for Package GeoTcgaData

Last updated on 2021-10-22 04:54:49 CEST.

Flavor Version Tinstall Tcheck Ttotal Status Flags
r-devel-linux-x86_64-debian-clang 1.0.1 20.84 97.93 118.77 OK
r-devel-linux-x86_64-debian-gcc 1.0.1 20.01 75.49 95.50 OK
r-devel-linux-x86_64-fedora-clang 1.0.1 142.50 NOTE
r-devel-linux-x86_64-fedora-gcc 1.0.1 128.68 NOTE
r-devel-windows-x86_64 1.0.1 31.00 120.00 151.00 OK
r-devel-windows-x86_64-gcc10-UCRT 1.0.1 WARN
r-patched-linux-x86_64 1.0.1 23.37 95.18 118.55 OK
r-patched-solaris-x86 1.0.1 185.60 NOTE
r-release-linux-x86_64 1.0.1 21.74 93.52 115.26 OK
r-release-macos-arm64 1.0.1 ERROR
r-release-macos-x86_64 1.0.1 ERROR
r-release-windows-ix86+x86_64 1.0.1 28.00 127.00 155.00 OK
r-oldrel-macos-x86_64 1.0.1 ERROR
r-oldrel-windows-ix86+x86_64 1.0.1 40.00 115.00 155.00 WARN

Check Details

Version: 1.0.1
Check: package dependencies
Result: NOTE
    Package suggested but not available for checking: ‘ChAMP’
Flavors: r-devel-linux-x86_64-fedora-clang, r-devel-linux-x86_64-fedora-gcc, r-patched-solaris-x86

Version: 1.0.1
Check: package dependencies
Result: NOTE
    Package suggested but not available for checking: 'clusterProfiler'
Flavor: r-devel-windows-x86_64-gcc10-UCRT

Version: 1.0.1
Check: re-building of vignette outputs
Result: WARN
    Error(s) in re-building vignettes:
    --- re-building 'GeoTcgaData.Rmd' using rmarkdown
    Quitting from lines 283-287 (GeoTcgaData.Rmd)
    Error: processing vignette 'GeoTcgaData.Rmd' failed with diagnostics:
    there is no package called 'clusterProfiler'
    --- failed re-building 'GeoTcgaData.Rmd'
    
    SUMMARY: processing the following file failed:
     'GeoTcgaData.Rmd'
    
    Error: Vignette re-building failed.
    Execution halted
Flavor: r-devel-windows-x86_64-gcc10-UCRT

Version: 1.0.1
Check: package dependencies
Result: ERROR
    Package required but not available: ‘cqn’
    
    Package suggested but not available for checking: ‘ChAMP’
    
    See section ‘The DESCRIPTION file’ in the ‘Writing R Extensions’
    manual.
Flavor: r-release-macos-arm64

Version: 1.0.1
Check: package dependencies
Result: ERROR
    Package required but not available: ‘cqn’
    
    Packages suggested but not available for checking:
     'ChAMP', 'clusterProfiler', 'org.Hs.eg.db'
    
    See section ‘The DESCRIPTION file’ in the ‘Writing R Extensions’
    manual.
Flavor: r-release-macos-x86_64

Version: 1.0.1
Check: package dependencies
Result: ERROR
    Package required but not available: ‘cqn’
    
    Packages suggested but not available for checking:
     'ChAMP', 'clusterProfiler'
    
    See section ‘The DESCRIPTION file’ in the ‘Writing R Extensions’
    manual.
Flavor: r-oldrel-macos-x86_64

Version: 1.0.1
Check: re-building of vignette outputs
Result: WARN
    Error(s) in re-building vignettes:
    --- re-building 'GeoTcgaData.Rmd' using rmarkdown
    Quitting from lines 283-287 (GeoTcgaData.Rmd)
    Error: processing vignette 'GeoTcgaData.Rmd' failed with diagnostics:
    package or namespace load failed for 'clusterProfiler':
     object 'get_fun_from_pkg' is not exported by 'namespace:rvcheck'
    --- failed re-building 'GeoTcgaData.Rmd'
    
    SUMMARY: processing the following file failed:
     'GeoTcgaData.Rmd'
    
    Error: Vignette re-building failed.
    Execution halted
Flavor: r-oldrel-windows-ix86+x86_64