CRAN Package Check Results for Package GeoTcgaData

Last updated on 2020-03-30 09:51:28 CEST.

Flavor Version Tinstall Tcheck Ttotal Status Flags
r-devel-linux-x86_64-debian-clang 0.2.3 24.34 57.63 81.97 OK
r-devel-linux-x86_64-debian-gcc 0.2.3 23.01 46.94 69.95 OK
r-devel-linux-x86_64-fedora-clang 0.2.3 109.46 NOTE
r-devel-linux-x86_64-fedora-gcc 0.2.3 106.48 OK
r-devel-windows-ix86+x86_64 0.2.3 38.00 57.00 95.00 NOTE
r-devel-windows-ix86+x86_64-gcc8 0.2.3 35.00 61.00 96.00 NOTE
r-patched-linux-x86_64 0.2.3 25.42 56.48 81.90 OK
r-patched-solaris-x86 0.2.3 179.30 NOTE
r-release-linux-x86_64 0.2.3 24.90 54.92 79.82 OK
r-release-windows-ix86+x86_64 0.2.3 45.00 99.00 144.00 NOTE
r-release-osx-x86_64 0.2.3 NOTE
r-oldrel-osx-x86_64 0.2.3 ERROR

Check Details

Version: 0.2.3
Check: installed package size
Result: NOTE
     installed size is 6.3Mb
     sub-directories of 1Mb or more:
     R 2.4Mb
     data 3.5Mb
Flavors: r-devel-linux-x86_64-fedora-clang, r-devel-windows-ix86+x86_64, r-devel-windows-ix86+x86_64-gcc8, r-patched-solaris-x86, r-release-windows-ix86+x86_64, r-release-osx-x86_64

Version: 0.2.3
Check: whether package can be installed
Result: ERROR
    Installation failed.
Flavor: r-oldrel-osx-x86_64