CRAN Package Check Results for Package GeodRegr

Last updated on 2021-01-19 06:51:02 CET.

Flavor Version Tinstall Tcheck Ttotal Status Flags
r-devel-linux-x86_64-debian-clang 0.1.0 3.27 33.46 36.73 OK
r-devel-linux-x86_64-debian-gcc 0.1.0 2.96 25.08 28.04 OK
r-devel-linux-x86_64-fedora-clang 0.1.0 56.17 NOTE
r-devel-linux-x86_64-fedora-gcc 0.1.0 43.52 OK
r-devel-windows-ix86+x86_64 0.1.0 7.00 37.00 44.00 OK
r-patched-linux-x86_64 0.1.0 4.38 31.39 35.77 OK
r-patched-solaris-x86 0.1.0 61.70 OK
r-release-linux-x86_64 0.1.0 4.03 32.27 36.30 OK
r-release-macos-x86_64 0.1.0 OK
r-release-windows-ix86+x86_64 0.1.0 5.00 46.00 51.00 OK
r-oldrel-macos-x86_64 0.1.0 ERROR

Check Details

Version: 0.1.0
Check: Rd cross-references
Result: NOTE
    Undeclared package ‘RiemBase’ in Rd xrefs
Flavor: r-devel-linux-x86_64-fedora-clang

Version: 0.1.0
Check: whether package can be installed
Result: ERROR
    Installation failed.
Flavor: r-oldrel-macos-x86_64