CRAN Package Check Results for Package GeodesiCL

Last updated on 2021-10-27 18:51:03 CEST.

Flavor Version Tinstall Tcheck Ttotal Status Flags
r-devel-linux-x86_64-debian-clang 1.0.0 29.61 322.28 351.89 OK
r-devel-linux-x86_64-debian-gcc 1.0.0 22.84 231.47 254.31 OK
r-devel-linux-x86_64-fedora-clang 1.0.0 407.95 OK
r-devel-linux-x86_64-fedora-gcc 1.0.0 401.55 OK
r-devel-windows-x86_64 1.0.0 42.00 0.00 42.00 FAIL
r-devel-windows-x86_64-gcc10-UCRT 1.0.0 WARN
r-patched-linux-x86_64 1.0.0 28.10 308.50 336.60 OK
r-patched-solaris-x86 1.0.0 502.50 WARN
r-release-linux-x86_64 1.0.0 25.58 302.83 328.41 OK
r-release-macos-arm64 1.0.0 OK
r-release-macos-x86_64 1.0.0 OK
r-release-windows-ix86+x86_64 1.0.0 49.00 0.00 49.00 FAIL
r-oldrel-macos-x86_64 1.0.0 OK
r-oldrel-windows-ix86+x86_64 1.0.0 52.00 0.00 52.00 FAIL

Check Details

Version: 1.0.0
Check: re-building of vignette outputs
Result: FAIL
    Check process probably crashed or hung up for 20 minutes ... killed
    Most likely this happened in the example checks (?),
    if not, ignore the following last lines of example output:
    > ### Decimal degrees.
    > ### Aliases: sexagesimal
    >
    > ### ** Examples
    >
    > # Latitude
    > g <- -33
    > m <- 38
    > s <- 30.123456
    > value <- sexagesimal(g, m, s, digits = 4)
    > print(value)
    [1] -33.6417
    >
    >
    >
    > ### * <FOOTER>
    > ###
    > cleanEx()
    > options(digits = 7L)
    > base::cat("Time elapsed: ", proc.time() - base::get("ptime", pos = 'CheckExEnv'),"\n")
    Time elapsed: 20.57 0.46 21.14 NA NA
    > grDevices::dev.off()
    null device
     1
    > ###
    > ### Local variables: ***
    > ### mode: outline-minor ***
    > ### outline-regexp: "\\(> \\)?### [*]+" ***
    > ### End: ***
    > quit('no')
    ======== End of example output (where/before crash/hang up occured ?) ========
Flavor: r-devel-windows-x86_64

Version: 1.0.0
Check: re-building of vignette outputs
Result: WARN
    Error(s) in re-building vignettes:
    --- re-building 'inspection.Rmd' using rmarkdown
Flavor: r-devel-windows-x86_64-gcc10-UCRT

Version: 1.0.0
Check: re-building of vignette outputs
Result: WARN
    Error(s) in re-building vignettes:
     ...
    --- re-building ‘inspection.Rmd’ using rmarkdown
    Pandoc is required to build R Markdown vignettes but not available. Please make sure it is installed.
Flavor: r-patched-solaris-x86

Version: 1.0.0
Check: re-building of vignette outputs
Result: FAIL
    Check process probably crashed or hung up for 20 minutes ... killed
    Most likely this happened in the example checks (?),
    if not, ignore the following last lines of example output:
    > ### Decimal degrees.
    > ### Aliases: sexagesimal
    >
    > ### ** Examples
    >
    > # Latitude
    > g <- -33
    > m <- 38
    > s <- 30.123456
    > value <- sexagesimal(g, m, s, digits = 4)
    > print(value)
    [1] -33.6417
    >
    >
    >
    > ### * <FOOTER>
    > ###
    > cleanEx()
    > options(digits = 7L)
    > base::cat("Time elapsed: ", proc.time() - base::get("ptime", pos = 'CheckExEnv'),"\n")
    Time elapsed: 20.51 0.78 21.74 NA NA
    > grDevices::dev.off()
    null device
     1
    > ###
    > ### Local variables: ***
    > ### mode: outline-minor ***
    > ### outline-regexp: "\\(> \\)?### [*]+" ***
    > ### End: ***
    > quit('no')
    ======== End of example output (where/before crash/hang up occured ?) ========
Flavor: r-release-windows-ix86+x86_64

Version: 1.0.0
Check: re-building of vignette outputs
Result: FAIL
    Check process probably crashed or hung up for 20 minutes ... killed
    Most likely this happened in the example checks (?),
    if not, ignore the following last lines of example output:
    > ### Decimal degrees.
    > ### Aliases: sexagesimal
    >
    > ### ** Examples
    >
    > # Latitude
    > g <- -33
    > m <- 38
    > s <- 30.123456
    > value <- sexagesimal(g, m, s, digits = 4)
    > print(value)
    [1] -33.6417
    >
    >
    >
    > ### * <FOOTER>
    > ###
    > cleanEx()
    > options(digits = 7L)
    > base::cat("Time elapsed: ", proc.time() - base::get("ptime", pos = 'CheckExEnv'),"\n")
    Time elapsed: 19.89 0.97 21 NA NA
    > grDevices::dev.off()
    null device
     1
    > ###
    > ### Local variables: ***
    > ### mode: outline-minor ***
    > ### outline-regexp: "\\(> \\)?### [*]+" ***
    > ### End: ***
    > quit('no')
    ======== End of example output (where/before crash/hang up occured ?) ========
Flavor: r-oldrel-windows-ix86+x86_64