CRAN Package Check Results for Package GerminaR

Last updated on 2019-08-22 13:46:12 CEST.

Flavor Version Tinstall Tcheck Ttotal Status Flags
r-devel-linux-x86_64-debian-clang 1.3 11.61 103.34 114.95 OK
r-devel-linux-x86_64-debian-gcc 1.3 9.33 81.56 90.89 OK
r-devel-linux-x86_64-fedora-clang 1.3 142.62 NOTE
r-devel-linux-x86_64-fedora-gcc 1.3 140.73 NOTE
r-devel-windows-ix86+x86_64 1.3 40.00 168.00 208.00 OK
r-patched-linux-x86_64 1.3 10.15 101.33 111.48 OK
r-patched-solaris-x86 1.3 213.10 NOTE
r-release-linux-x86_64 1.3 11.10 101.61 112.71 OK
r-release-windows-ix86+x86_64 1.3 54.00 177.00 231.00 OK
r-release-osx-x86_64 1.3 NOTE
r-oldrel-windows-ix86+x86_64 1.3 32.00 164.00 196.00 OK
r-oldrel-osx-x86_64 1.3 NOTE

Check Details

Version: 1.3
Check: dependencies in R code
Result: NOTE
    Namespaces in Imports field not imported from:
     ‘DT’ ‘shinydashboard’
     All declared Imports should be used.
Flavors: r-devel-linux-x86_64-fedora-clang, r-devel-linux-x86_64-fedora-gcc, r-patched-solaris-x86, r-release-osx-x86_64, r-oldrel-osx-x86_64