Last updated on 2019-12-15 18:50:07 CET.
Flavor | Version | Tinstall | Tcheck | Ttotal | Status | Flags |
---|---|---|---|---|---|---|
r-devel-linux-x86_64-debian-clang | 1.3 | 13.54 | 115.66 | 129.20 | OK | |
r-devel-linux-x86_64-debian-gcc | 1.3 | 12.01 | 89.88 | 101.89 | OK | |
r-devel-linux-x86_64-fedora-clang | 1.3 | 159.02 | NOTE | |||
r-devel-linux-x86_64-fedora-gcc | 1.3 | 158.44 | NOTE | |||
r-devel-windows-ix86+x86_64 | 1.3 | 37.00 | 125.00 | 162.00 | OK | |
r-devel-windows-ix86+x86_64-gcc8 | 1.3 | 52.00 | 195.00 | 247.00 | OK | |
r-patched-linux-x86_64 | 1.3 | 9.46 | 103.98 | 113.44 | OK | |
r-patched-solaris-x86 | 1.3 | 222.00 | NOTE | |||
r-release-linux-x86_64 | 1.3 | 10.69 | 103.11 | 113.80 | OK | |
r-release-windows-ix86+x86_64 | 1.3 | 23.00 | 121.00 | 144.00 | OK | |
r-release-osx-x86_64 | 1.3 | NOTE | ||||
r-oldrel-windows-ix86+x86_64 | 1.3 | 17.00 | 118.00 | 135.00 | OK | |
r-oldrel-osx-x86_64 | 1.3 | NOTE |
Version: 1.3
Check: dependencies in R code
Result: NOTE
Namespaces in Imports field not imported from:
‘DT’ ‘shinydashboard’
All declared Imports should be used.
Flavors: r-devel-linux-x86_64-fedora-clang, r-devel-linux-x86_64-fedora-gcc, r-patched-solaris-x86, r-release-osx-x86_64, r-oldrel-osx-x86_64