CRAN Package Check Results for Package GiNA

Last updated on 2022-01-25 11:51:10 CET.

Flavor Version Tinstall Tcheck Ttotal Status Flags
r-devel-linux-x86_64-debian-clang 1.0.1 8.25 73.86 82.11 NOTE
r-devel-linux-x86_64-debian-gcc 1.0.1 6.39 66.44 72.83 NOTE
r-devel-linux-x86_64-fedora-clang 1.0.1 95.30 NOTE
r-devel-linux-x86_64-fedora-gcc 1.0.1 88.35 NOTE
r-devel-windows-x86_64-new-UL 1.0.1 25.00 102.00 127.00 OK
r-devel-windows-x86_64-new-TK 1.0.1 OK
r-patched-linux-x86_64 1.0.1 8.11 72.28 80.39 NOTE
r-release-linux-x86_64 1.0.1 6.75 71.50 78.25 NOTE
r-release-macos-arm64 1.0.1 OK
r-release-macos-x86_64 1.0.1 OK
r-release-windows-ix86+x86_64 1.0.1 15.00 97.00 112.00 OK
r-oldrel-macos-x86_64 1.0.1 OK
r-oldrel-windows-ix86+x86_64 1.0.1 16.00 100.00 116.00 OK

Check Details

Version: 1.0.1
Check: for non-standard things in the check directory
Result: NOTE
    Found the following files/directories:
     'Pictures_analyzed' 'cutoff_vals' 'cutoff_vals1' 'gina_cran.JPG'
Flavors: r-devel-linux-x86_64-debian-clang, r-devel-linux-x86_64-debian-gcc, r-devel-linux-x86_64-fedora-clang, r-devel-linux-x86_64-fedora-gcc, r-patched-linux-x86_64, r-release-linux-x86_64