CRAN Package Check Results for Package GiRaF

Last updated on 2020-11-24 14:49:39 CET.

Flavor Version Tinstall Tcheck Ttotal Status Flags
r-devel-linux-x86_64-debian-clang 1.0.1 108.11 61.87 169.98 OK
r-devel-linux-x86_64-debian-gcc 1.0.1 104.49 48.17 152.66 OK
r-devel-linux-x86_64-fedora-clang 1.0.1 206.87 NOTE
r-devel-linux-x86_64-fedora-gcc 1.0.1 191.83 NOTE
r-devel-windows-ix86+x86_64 1.0.1 206.00 106.00 312.00 OK
r-patched-linux-x86_64 1.0.1 128.01 59.90 187.91 OK
r-patched-solaris-x86 1.0.1 201.10 OK
r-release-linux-x86_64 1.0.1 127.01 59.51 186.52 OK
r-release-macos-x86_64 1.0.1 NOTE
r-release-windows-ix86+x86_64 1.0.1 151.00 96.00 247.00 OK
r-oldrel-macos-x86_64 1.0.1 NOTE
r-oldrel-windows-ix86+x86_64 1.0.1 155.00 119.00 274.00 OK

Check Details

Version: 1.0.1
Check: installed package size
Result: NOTE
     installed size is 6.2Mb
     sub-directories of 1Mb or more:
     libs 5.7Mb
Flavors: r-devel-linux-x86_64-fedora-clang, r-release-macos-x86_64, r-oldrel-macos-x86_64

Version: 1.0.1
Check: compiled code
Result: NOTE
    File ‘GiRaF/libs/GiRaF.so’:
     Found no calls to: ‘R_registerRoutines’, ‘R_useDynamicSymbols’
    
    It is good practice to register native routines and to disable symbol
    search.
    
    See ‘Writing portable packages’ in the ‘Writing R Extensions’ manual.
Flavors: r-devel-linux-x86_64-fedora-clang, r-devel-linux-x86_64-fedora-gcc