CRAN Package Check Results for Package GillespieSSA2

Last updated on 2020-06-05 08:50:47 CEST.

Flavor Version Tinstall Tcheck Ttotal Status Flags
r-devel-linux-x86_64-debian-clang 0.2.6.1 83.71 583.24 666.95 OK
r-devel-linux-x86_64-debian-gcc 0.2.6.1 57.94 378.03 435.97 OK
r-devel-linux-x86_64-fedora-clang 0.2.6.1 794.63 NOTE
r-devel-linux-x86_64-fedora-gcc 0.2.6.1 687.64 OK
r-devel-windows-ix86+x86_64 0.2.6.1 209.00 634.00 843.00 OK
r-patched-linux-x86_64 0.2.6.1 58.80 460.09 518.89 OK
r-patched-solaris-x86 0.2.6.1 1083.60 OK
r-release-linux-x86_64 0.2.6.1 61.56 458.58 520.14 OK
r-release-osx-x86_64 0.2.6.1 NOTE
r-release-windows-ix86+x86_64 0.2.6.1 160.00 578.00 738.00 OK
r-oldrel-osx-x86_64 0.2.6.1 NOTE
r-oldrel-windows-ix86+x86_64 0.2.6.1 200.00 802.00 1002.00 OK

Check Details

Version: 0.2.6.1
Check: installed package size
Result: NOTE
     installed size is 5.9Mb
     sub-directories of 1Mb or more:
     doc 1.6Mb
     libs 3.8Mb
Flavors: r-devel-linux-x86_64-fedora-clang, r-release-osx-x86_64, r-oldrel-osx-x86_64