CRAN Package Check Results for Package GillespieSSA2

Last updated on 2019-09-21 02:49:05 CEST.

Flavor Version Tinstall Tcheck Ttotal Status Flags
r-devel-linux-x86_64-debian-clang 0.2.5 64.00 477.91 541.91 OK
r-devel-linux-x86_64-debian-gcc 0.2.5 53.31 325.13 378.44 OK
r-devel-linux-x86_64-fedora-clang 0.2.5 725.05 NOTE
r-devel-linux-x86_64-fedora-gcc 0.2.5 654.45 OK
r-devel-windows-ix86+x86_64 0.2.5 197.00 700.00 897.00 OK
r-patched-linux-x86_64 0.2.5 55.83 410.87 466.70 OK
r-patched-solaris-x86 0.2.5 1054.60 OK
r-release-linux-x86_64 0.2.5 56.56 413.78 470.34 OK
r-release-windows-ix86+x86_64 0.2.5 112.00 481.00 593.00 OK
r-release-osx-x86_64 0.2.5 NOTE
r-oldrel-windows-ix86+x86_64 0.2.5 107.00 439.00 546.00 OK
r-oldrel-osx-x86_64 0.2.5 NOTE

Check Details

Version: 0.2.5
Check: installed package size
Result: NOTE
     installed size is 5.4Mb
     sub-directories of 1Mb or more:
     doc 1.6Mb
     libs 3.2Mb
Flavors: r-devel-linux-x86_64-fedora-clang, r-release-osx-x86_64, r-oldrel-osx-x86_64