CRAN Package Check Results for Package GlmSimulatoR

Last updated on 2019-09-18 09:50:28 CEST.

Flavor Version Tinstall Tcheck Ttotal Status Flags
r-devel-linux-x86_64-debian-clang 0.1.0 2.38 168.32 170.70 OK
r-devel-linux-x86_64-debian-gcc 0.1.0 1.82 117.41 119.23 OK
r-devel-linux-x86_64-fedora-clang 0.1.0 204.51 NOTE
r-devel-linux-x86_64-fedora-gcc 0.1.0 203.49 NOTE
r-devel-windows-ix86+x86_64 0.1.0 14.00 296.00 310.00 OK
r-patched-linux-x86_64 0.1.0 2.15 162.66 164.81 OK
r-patched-solaris-x86 0.1.0 526.60 NOTE
r-release-linux-x86_64 0.1.0 1.96 157.78 159.74 OK
r-release-windows-ix86+x86_64 0.1.0 6.00 244.00 250.00 OK
r-release-osx-x86_64 0.1.0 NOTE
r-oldrel-windows-ix86+x86_64 0.1.0 3.00 243.00 246.00 OK
r-oldrel-osx-x86_64 0.1.0 NOTE

Check Details

Version: 0.1.0
Check: dependencies in R code
Result: NOTE
    Namespaces in Imports field not imported from:
     ‘MASS’ ‘ggplot2’ ‘rlang’
     All declared Imports should be used.
Flavors: r-devel-linux-x86_64-fedora-clang, r-devel-linux-x86_64-fedora-gcc, r-patched-solaris-x86, r-release-osx-x86_64, r-oldrel-osx-x86_64