CRAN Package Check Results for Package GlmSimulatoR

Last updated on 2020-02-18 00:52:07 CET.

Flavor Version Tinstall Tcheck Ttotal Status Flags
r-devel-linux-x86_64-debian-clang 0.2 2.52 198.51 201.03 OK
r-devel-linux-x86_64-debian-gcc 0.2 2.52 138.44 140.96 OK
r-devel-linux-x86_64-fedora-clang 0.2 252.24 NOTE
r-devel-linux-x86_64-fedora-gcc 0.2 237.47 NOTE
r-devel-windows-ix86+x86_64 0.2 8.00 278.00 286.00 OK
r-devel-windows-ix86+x86_64-gcc8 0.2 13.00 343.00 356.00 OK
r-patched-linux-x86_64 0.2 2.10 187.85 189.95 OK
r-patched-solaris-x86 0.2 588.80 NOTE
r-release-linux-x86_64 0.2 2.07 186.50 188.57 OK
r-release-windows-ix86+x86_64 0.2 6.00 275.00 281.00 OK
r-release-osx-x86_64 0.2 NOTE
r-oldrel-windows-ix86+x86_64 0.2 4.00 263.00 267.00 OK
r-oldrel-osx-x86_64 0.2 NOTE

Check Details

Version: 0.2
Check: dependencies in R code
Result: NOTE
    Namespaces in Imports field not imported from:
     ‘cplm’ ‘ggplot2’ ‘rlang’
     All declared Imports should be used.
Flavors: r-devel-linux-x86_64-fedora-clang, r-devel-linux-x86_64-fedora-gcc, r-patched-solaris-x86, r-release-osx-x86_64, r-oldrel-osx-x86_64