CRAN Package Check Results for Package GlobalFit

Last updated on 2021-09-25 05:49:38 CEST.

Flavor Version Tinstall Tcheck Ttotal Status Flags
r-devel-linux-x86_64-debian-clang 1.2 19.99 108.76 128.75 OK
r-devel-linux-x86_64-debian-gcc 1.2 13.20 80.19 93.39 OK
r-devel-linux-x86_64-fedora-clang 1.2 157.44 NOTE
r-devel-linux-x86_64-fedora-gcc 1.2 145.00 NOTE
r-devel-windows-x86_64 1.2 17.00 97.00 114.00 NOTE
r-devel-windows-x86_64-gcc10-UCRT 1.2 NOTE
r-patched-linux-x86_64 1.2 20.06 105.36 125.42 OK
r-patched-solaris-x86 1.2 202.50 NOTE
r-release-linux-x86_64 1.2 18.81 105.94 124.75 OK
r-release-macos-arm64 1.2 NOTE
r-release-macos-x86_64 1.2 NOTE
r-release-windows-ix86+x86_64 1.2 33.00 123.00 156.00 NOTE
r-oldrel-macos-x86_64 1.2 NOTE
r-oldrel-windows-ix86+x86_64 1.2 24.00 99.00 123.00 NOTE

Check Details

Version: 1.2
Check: package dependencies
Result: NOTE
    Package suggested but not available for checking: ‘cplexAPI’
Flavors: r-devel-linux-x86_64-fedora-clang, r-devel-linux-x86_64-fedora-gcc, r-devel-windows-x86_64, r-devel-windows-x86_64-gcc10-UCRT, r-patched-solaris-x86, r-release-macos-arm64, r-release-macos-x86_64, r-release-windows-ix86+x86_64, r-oldrel-macos-x86_64, r-oldrel-windows-ix86+x86_64