CRAN Package Check Results for Package GmAMisc

Last updated on 2019-05-22 18:51:43 CEST.

Flavor Version Tinstall Tcheck Ttotal Status Flags
r-devel-linux-x86_64-debian-clang 1.0.0 20.60 221.91 242.51 OK
r-devel-linux-x86_64-debian-gcc 1.0.0 18.31 172.18 190.49 OK
r-devel-linux-x86_64-fedora-clang 1.0.0 291.04 NOTE
r-devel-linux-x86_64-fedora-gcc 1.0.0 277.98 NOTE
r-devel-windows-ix86+x86_64 1.0.0 49.00 370.00 419.00 OK
r-patched-linux-x86_64 1.0.0 20.92 219.06 239.98 OK
r-patched-solaris-x86 1.0.0 466.00 NOTE
r-release-linux-x86_64 1.0.0 21.64 216.32 237.96 OK
r-release-windows-ix86+x86_64 1.0.0 84.00 265.00 349.00 OK
r-release-osx-x86_64 1.0.0 NOTE
r-oldrel-windows-ix86+x86_64 1.0.0 32.00 223.00 255.00 OK
r-oldrel-osx-x86_64 1.0.0 NOTE

Check Details

Version: 1.0.0
Check: dependencies in R code
Result: NOTE
    Namespaces in Imports field not imported from:
     ‘rworldmap’ ‘shape’
     All declared Imports should be used.
Flavors: r-devel-linux-x86_64-fedora-clang, r-devel-linux-x86_64-fedora-gcc, r-patched-solaris-x86, r-release-osx-x86_64, r-oldrel-osx-x86_64