CRAN Package Check Results for Package GmAMisc

Last updated on 2019-03-18 22:54:13 CET.

Flavor Version Tinstall Tcheck Ttotal Status Flags
r-devel-linux-x86_64-debian-clang 1.0.0 22.21 223.11 245.32 WARN
r-devel-linux-x86_64-debian-gcc 1.0.0 18.48 175.67 194.15 OK
r-devel-linux-x86_64-fedora-clang 1.0.0 298.77 NOTE
r-devel-linux-x86_64-fedora-gcc 1.0.0 287.83 NOTE
r-devel-windows-ix86+x86_64 1.0.0 74.00 326.00 400.00 OK
r-patched-linux-x86_64 1.0.0 16.72 214.12 230.84 OK
r-patched-solaris-x86 1.0.0 447.40 NOTE
r-release-linux-x86_64 1.0.0 14.82 214.04 228.86 OK
r-release-windows-ix86+x86_64 1.0.0 28.00 217.00 245.00 OK
r-release-osx-x86_64 1.0.0 NOTE
r-oldrel-windows-ix86+x86_64 1.0.0 52.00 337.00 389.00 OK
r-oldrel-osx-x86_64 1.0.0 NOTE

Check Details

Version: 1.0.0
Check: whether package can be installed
Result: WARN
    Found the following significant warnings:
     Warning: unable to re-encode 'Aindex.R' lines 17, 18
     Warning: unable to re-encode 'model_valid.R' lines 6, 26
     Warning: unable to re-encode 'perm_t_test.r' lines 13, 14
Flavor: r-devel-linux-x86_64-debian-clang

Version: 1.0.0
Check: dependencies in R code
Result: NOTE
    Namespaces in Imports field not imported from:
     ‘rworldmap’ ‘shape’
     All declared Imports should be used.
Flavors: r-devel-linux-x86_64-fedora-clang, r-devel-linux-x86_64-fedora-gcc, r-patched-solaris-x86, r-release-osx-x86_64, r-oldrel-osx-x86_64