CRAN Package Check Results for Package GofCens

Last updated on 2021-10-28 01:48:50 CEST.

Flavor Version Tinstall Tcheck Ttotal Status Flags
r-devel-linux-x86_64-debian-clang 0.91 9.84 98.78 108.62 OK
r-devel-linux-x86_64-debian-gcc 0.91 7.77 71.55 79.32 OK
r-devel-linux-x86_64-fedora-clang 0.91 138.80 NOTE
r-devel-linux-x86_64-fedora-gcc 0.91 125.47 OK
r-devel-windows-x86_64 0.91 17.00 118.00 135.00 OK
r-devel-windows-x86_64-gcc10-UCRT 0.91 OK
r-patched-linux-x86_64 0.91 9.99 92.10 102.09 OK
r-patched-solaris-x86 0.91 178.90 OK
r-release-linux-x86_64 0.91 9.93 91.07 101.00 OK
r-release-macos-arm64 0.91 OK
r-release-macos-x86_64 0.91 OK
r-release-windows-ix86+x86_64 0.91 18.00 115.00 133.00 OK
r-oldrel-macos-x86_64 0.91 OK
r-oldrel-windows-ix86+x86_64 0.91 18.00 119.00 137.00 OK

Check Details

Version: 0.91
Check: Rd cross-references
Result: NOTE
    Undeclared package ‘goftest’ in Rd xrefs
Flavor: r-devel-linux-x86_64-fedora-clang