Last updated on 2023-02-06 23:55:47 CET.
Flavor | Version | Tinstall | Tcheck | Ttotal | Status | Flags |
---|---|---|---|---|---|---|
r-devel-linux-x86_64-debian-clang | 2.2.0 | 39.12 | 51.99 | 91.11 | NOTE | |
r-devel-linux-x86_64-debian-gcc | 2.2.0 | 26.55 | 39.01 | 65.56 | NOTE | |
r-devel-linux-x86_64-fedora-clang | 2.2.0 | 126.14 | NOTE | |||
r-devel-linux-x86_64-fedora-gcc | 2.2.0 | 111.92 | NOTE | |||
r-devel-windows-x86_64 | 2.2.0 | 39.00 | 97.00 | 136.00 | NOTE | |
r-patched-linux-x86_64 | 2.2.0 | 30.56 | 51.34 | 81.90 | OK | |
r-release-linux-x86_64 | 2.2.0 | 28.78 | 52.12 | 80.90 | OK | |
r-release-macos-arm64 | 2.2.0 | 37.00 | OK | |||
r-release-macos-x86_64 | 2.2.0 | 59.00 | OK | |||
r-release-windows-x86_64 | 2.2.0 | 38.00 | 108.00 | 146.00 | OK | |
r-oldrel-macos-arm64 | 2.2.0 | 43.00 | OK | |||
r-oldrel-macos-x86_64 | 2.2.0 | 55.00 | OK | |||
r-oldrel-windows-ix86+x86_64 | 2.2.0 | 90.00 | 113.00 | 203.00 | OK |
Version: 2.2.0
Check: C++ specification
Result: NOTE
Specified C++11: please update to current default of C++17
Flavors: r-devel-linux-x86_64-debian-clang, r-devel-linux-x86_64-debian-gcc, r-devel-linux-x86_64-fedora-clang, r-devel-linux-x86_64-fedora-gcc, r-devel-windows-x86_64