CRAN Package Check Results for Package GomoGomonoMi

Last updated on 2021-12-08 13:01:30 CET.

Flavor Version Tinstall Tcheck Ttotal Status Flags
r-devel-linux-x86_64-debian-clang 0.1.0 2.02 28.26 30.28 NOTE
r-devel-linux-x86_64-debian-gcc 0.1.0 1.02 21.94 22.96 NOTE
r-devel-linux-x86_64-fedora-clang 0.1.0 36.70 NOTE
r-devel-linux-x86_64-fedora-gcc 0.1.0 27.00 NOTE
r-devel-windows-x86_64-new-UL 0.1.0 6.00 52.00 58.00 NOTE
r-devel-windows-x86_64-new-TK 0.1.0 NOTE
r-devel-windows-x86_64-old 0.1.0 5.00 36.00 41.00 NOTE
r-patched-linux-x86_64 0.1.0 2.03 26.21 28.24 NOTE
r-release-linux-x86_64 0.1.0 1.92 26.89 28.81 NOTE
r-release-macos-arm64 0.1.0 NOTE
r-release-macos-x86_64 0.1.0 NOTE
r-release-windows-ix86+x86_64 0.1.0 3.00 36.00 39.00 NOTE
r-oldrel-macos-x86_64 0.1.0 OK
r-oldrel-windows-ix86+x86_64 0.1.0 6.00 36.00 42.00 OK

Check Details

Version: 0.1.0
Check: LazyData
Result: NOTE
     'LazyData' is specified without a 'data' directory
Flavors: r-devel-linux-x86_64-debian-clang, r-devel-linux-x86_64-debian-gcc, r-devel-linux-x86_64-fedora-clang, r-devel-linux-x86_64-fedora-gcc, r-devel-windows-x86_64-new-UL, r-devel-windows-x86_64-new-TK, r-devel-windows-x86_64-old, r-patched-linux-x86_64, r-release-linux-x86_64, r-release-macos-arm64, r-release-macos-x86_64, r-release-windows-ix86+x86_64