CRAN Package Check Results for Package GoodFibes

Last updated on 2024-06-13 05:59:06 CEST.

Flavor Version Tinstall Tcheck Ttotal Status Flags
r-devel-linux-x86_64-debian-clang 0.1.10 15.36 108.48 123.84 OK
r-devel-linux-x86_64-debian-gcc 0.1.10 0.40 1.74 2.14 ERROR
r-devel-linux-x86_64-fedora-clang 0.1.10 149.36 OK
r-devel-linux-x86_64-fedora-gcc 0.1.10 143.02 OK
r-devel-windows-x86_64 0.1.10 12.00 97.00 109.00 OK
r-patched-linux-x86_64 0.1.10 13.63 104.35 117.98 OK
r-release-linux-x86_64 0.1.10 13.58 103.75 117.33 OK
r-release-macos-arm64 0.1.10 41.00 OK
r-release-macos-x86_64 0.1.10 85.00 OK
r-release-windows-x86_64 0.1.10 14.00 99.00 113.00 OK
r-oldrel-macos-arm64 0.1.10 44.00 OK
r-oldrel-macos-x86_64 0.1.10 90.00 OK
r-oldrel-windows-x86_64 0.1.10 17.00 110.00 127.00 OK

Check Details

Version: 0.1.10
Check: package dependencies
Result: ERROR Packages required but not available: 'imager', 'concaveman' See section ‘The DESCRIPTION file’ in the ‘Writing R Extensions’ manual. Flavor: r-devel-linux-x86_64-debian-gcc