CRAN Package Check Results for Package GrapheR

Last updated on 2019-03-26 19:47:08 CET.

Flavor Version Tinstall Tcheck Ttotal Status Flags
r-devel-linux-x86_64-debian-clang 1.9-86 29.43 99.58 129.01 OK
r-devel-linux-x86_64-debian-gcc 1.9-86 21.99 74.18 96.17 OK
r-devel-linux-x86_64-fedora-clang 1.9-86 155.99 OK
r-devel-linux-x86_64-fedora-gcc 1.9-86 157.64 OK
r-devel-windows-ix86+x86_64 1.9-86 41.00 101.00 142.00 OK
r-patched-linux-x86_64 1.9-86 20.74 79.85 100.59 OK
r-patched-solaris-x86 1.9-86 154.90 OK
r-release-linux-x86_64 1.9-86 22.64 80.43 103.07 OK
r-release-windows-ix86+x86_64 1.9-86 25.00 87.00 112.00 OK
r-release-osx-x86_64 1.9-86 OK
r-oldrel-windows-ix86+x86_64 1.9-86 6.00 89.00 95.00 OK
r-oldrel-osx-x86_64 1.9-86 WARN

Check Details

Version: 1.9-86
Check: re-building of vignette outputs
Result: WARN
    Error in re-building vignettes:
     ...
    Error in texi2dvi(file = file, pdf = TRUE, clean = clean, quiet = quiet, :
     Running 'texi2dvi' on 'manual_de.tex' failed.
    LaTeX errors:
    ! Package babel Error: Unknown option `greek'. Either you misspelled it
    (babel) or the language definition file greek.ldf was not found.
    
    
    See the babel package documentation for explanation.
    ! LaTeX Error: File `ucs.sty' not found.
    
    Type X to quit or <RETURN> to proceed,
    or enter new name. (Default extension: sty)
    
    ! Emergency stop.
    <read *>
    
    l.4 \usepackage
     [utf8x]{inputenc}^^M
    ! ==> Fatal error occurred, no output PDF file produced!
    Calls: buildVignettes -> texi2pdf -> texi2dvi
    Execution halted
Flavor: r-oldrel-osx-x86_64