CRAN Package Check Results for Package Greg

Last updated on 2021-09-19 03:51:05 CEST.

Flavor Version Tinstall Tcheck Ttotal Status Flags
r-devel-linux-x86_64-debian-clang 1.3.4 19.43 213.69 233.12 OK
r-devel-linux-x86_64-debian-gcc 1.3.4 17.83 157.22 175.05 OK
r-devel-linux-x86_64-fedora-clang 1.3.4 281.94 OK
r-devel-linux-x86_64-fedora-gcc 1.3.4 269.37 OK
r-devel-windows-x86_64 1.3.4 22.00 187.00 209.00 OK
r-devel-windows-x86_64-gcc10-UCRT 1.3.4 ERROR
r-patched-linux-x86_64 1.3.4 22.48 204.49 226.97 OK
r-patched-solaris-x86 1.3.4 376.60 OK
r-release-linux-x86_64 1.3.4 19.15 203.40 222.55 OK
r-release-macos-arm64 1.3.4 OK
r-release-macos-x86_64 1.3.4 OK
r-release-windows-ix86+x86_64 1.3.4 44.00 238.00 282.00 OK
r-oldrel-macos-x86_64 1.3.4 OK
r-oldrel-windows-ix86+x86_64 1.3.4 50.00 254.00 304.00 OK

Check Details

Version: 1.3.4
Check: whether package can be installed
Result: ERROR
    Installation failed.
Flavor: r-devel-windows-x86_64-gcc10-UCRT