CRAN Package Check Results for Package GridOnClusters

Last updated on 2021-09-17 19:52:06 CEST.

Flavor Version Tinstall Tcheck Ttotal Status Flags
r-devel-linux-x86_64-debian-clang 0.0.8 27.09 46.50 73.59 NOTE
r-devel-linux-x86_64-debian-gcc 0.0.8 16.06 35.51 51.57 NOTE
r-devel-linux-x86_64-fedora-clang 0.0.8 104.84 NOTE
r-devel-linux-x86_64-fedora-gcc 0.0.8 86.55 NOTE
r-devel-windows-x86_64 0.0.8 24.00 60.00 84.00 NOTE
r-devel-windows-x86_64-gcc10-UCRT 0.0.8 NOTE
r-patched-linux-x86_64 0.0.8 22.13 44.67 66.80 NOTE
r-patched-solaris-x86 0.0.8 119.40 NOTE
r-release-linux-x86_64 0.0.8 20.03 44.67 64.70 NOTE
r-release-macos-arm64 0.0.8 NOTE
r-release-macos-x86_64 0.0.8 NOTE
r-release-windows-ix86+x86_64 0.0.8 60.00 95.00 155.00 NOTE
r-oldrel-macos-x86_64 0.0.8 OK
r-oldrel-windows-ix86+x86_64 0.0.8 61.00 106.00 167.00 OK

Check Details

Version: 0.0.8
Check: LazyData
Result: NOTE
     'LazyData' is specified without a 'data' directory
Flavors: r-devel-linux-x86_64-debian-clang, r-devel-linux-x86_64-debian-gcc, r-devel-linux-x86_64-fedora-clang, r-devel-linux-x86_64-fedora-gcc, r-devel-windows-x86_64, r-devel-windows-x86_64-gcc10-UCRT, r-patched-linux-x86_64, r-patched-solaris-x86, r-release-linux-x86_64, r-release-macos-arm64, r-release-macos-x86_64, r-release-windows-ix86+x86_64