CRAN Package Check Results for Package GrpString

Last updated on 2024-06-12 16:56:45 CEST.

Flavor Version Tinstall Tcheck Ttotal Status Flags
r-devel-linux-x86_64-debian-clang 0.3.2 3.14 39.45 42.59 NOTE
r-devel-linux-x86_64-debian-gcc 0.3.2 2.69 30.68 33.37 NOTE
r-devel-linux-x86_64-fedora-clang 0.3.2 52.43 NOTE
r-devel-linux-x86_64-fedora-gcc 0.3.2 50.18 NOTE
r-devel-windows-x86_64 0.3.2 4.00 55.00 59.00 OK
r-patched-linux-x86_64 0.3.2 3.59 38.14 41.73 NOTE
r-release-linux-x86_64 0.3.2 2.45 38.08 40.53 NOTE
r-release-macos-arm64 0.3.2 19.00 OK
r-release-macos-x86_64 0.3.2 31.00 OK
r-release-windows-x86_64 0.3.2 4.00 57.00 61.00 OK
r-oldrel-macos-arm64 0.3.2 20.00 OK
r-oldrel-macos-x86_64 0.3.2 30.00 OK
r-oldrel-windows-x86_64 0.3.2 5.00 60.00 65.00 OK

Check Details

Version: 0.3.2
Check: for non-standard things in the check directory
Result: NOTE Found the following files/directories: ‘p1_20up-vs-p2_25up_in_str1.txt’ ‘p1_20up-vs-p2_25up_in_str2.txt’ ‘p2_25up-vs-p1_20up_in_str1.txt’ ‘p2_25up-vs-p1_20up_in_str2.txt’ ‘s0_20up.txt’ ‘s0_30up.txt’ ‘s0_f2up.txt’ ‘strs.vec_01mx.txt’ ‘strs.vec_02mx.txt’ ‘strs.vec_03mx.txt’ ‘strs.vec_04mx.txt’ ‘strs.vec_05mx.txt’ ‘strs.vec_06mx.txt’ ‘strs.vec_30up.txt’ ‘strs.vec_50up.txt’ ‘strs.vec_f2up.txt’ ‘uni_p1_20up-p2_25up.txt’ Flavors: r-devel-linux-x86_64-debian-clang, r-devel-linux-x86_64-debian-gcc, r-devel-linux-x86_64-fedora-clang, r-devel-linux-x86_64-fedora-gcc, r-patched-linux-x86_64, r-release-linux-x86_64

Version: 0.3.2
Check: dependencies in R code
Result: NOTE Namespace in Imports field not imported from: ‘Rcpp’ All declared Imports should be used. Flavors: r-devel-linux-x86_64-fedora-clang, r-devel-linux-x86_64-fedora-gcc