CRAN Package Check Results for Package GxM

Last updated on 2020-11-30 16:49:16 CET.

Flavor Version Tinstall Tcheck Ttotal Status Flags
r-devel-linux-x86_64-debian-clang 1.1 8.72 50.15 58.87 NOTE
r-devel-linux-x86_64-debian-gcc 1.1 5.70 39.12 44.82 NOTE
r-devel-linux-x86_64-fedora-clang 1.1 75.11 NOTE
r-devel-linux-x86_64-fedora-gcc 1.1 66.57 NOTE
r-devel-windows-ix86+x86_64 1.1 14.00 65.00 79.00 NOTE
r-patched-linux-x86_64 1.1 9.26 48.24 57.50 NOTE
r-patched-solaris-x86 1.1 87.60 NOTE
r-release-linux-x86_64 1.1 8.74 48.78 57.52 NOTE
r-release-macos-x86_64 1.1 NOTE
r-release-windows-ix86+x86_64 1.1 14.00 51.00 65.00 NOTE
r-oldrel-macos-x86_64 1.1 NOTE
r-oldrel-windows-ix86+x86_64 1.1 9.00 62.00 71.00 NOTE

Check Details

Version: 1.1
Check: R code for possible problems
Result: NOTE
    GxMestimator: no visible global function definition for 'na.omit'
    initialization_chol: no visible global function definition for 'cov'
    initialization_corr: no visible global function definition for 'cov'
    initialization_nlmain: no visible global function definition for
     'lm.fit'
    print.summaryGxMclass: no visible global function definition for
     'pnorm'
    print.summaryGxMclass: no visible global function definition for
     'printCoefmat'
    Undefined global functions or variables:
     cov lm.fit na.omit pnorm printCoefmat
    Consider adding
     importFrom("stats", "cov", "lm.fit", "na.omit", "pnorm",
     "printCoefmat")
    to your NAMESPACE file.
Flavors: r-devel-linux-x86_64-debian-clang, r-devel-linux-x86_64-debian-gcc, r-devel-linux-x86_64-fedora-clang, r-devel-linux-x86_64-fedora-gcc, r-devel-windows-ix86+x86_64, r-patched-linux-x86_64, r-patched-solaris-x86, r-release-linux-x86_64, r-release-macos-x86_64, r-release-windows-ix86+x86_64, r-oldrel-macos-x86_64, r-oldrel-windows-ix86+x86_64