CRAN Package Check Results for Package HCD

Last updated on 2024-05-24 12:57:59 CEST.

Flavor Version Tinstall Tcheck Ttotal Status Flags
r-devel-linux-x86_64-debian-clang 1.0 12.18 123.53 135.71 OK
r-devel-linux-x86_64-debian-gcc 1.0 10.14 90.07 100.21 OK
r-devel-linux-x86_64-fedora-clang 1.0 170.50 OK
r-devel-linux-x86_64-fedora-gcc 1.0 159.68 OK
r-devel-windows-x86_64 1.0 13.00 100.00 113.00 OK
r-patched-linux-x86_64 1.0 10.46 118.69 129.15 OK
r-release-linux-x86_64 1.0 11.32 118.38 129.70 OK
r-release-macos-arm64 1.0 47.00 OK
r-release-macos-x86_64 1.0 90.00 OK
r-release-windows-x86_64 1.0 14.00 100.00 114.00 OK
r-oldrel-macos-arm64 1.0 59.00 ERROR
r-oldrel-macos-x86_64 1.0 84.00 OK
r-oldrel-windows-x86_64 1.0 19.00 118.00 137.00 OK

Check Details

Version: 1.0
Check: examples
Result: ERROR Running examples in ‘HCD-Ex.R’ failed The error most likely occurred in: > ### Name: HCD > ### Title: hierarchical community detection with recursive spectral methods > ### Aliases: HCD > ### Keywords: HCD BTSBM > > ### ** Examples > > dt <- BTSBM(n=1600,d=4,a.seq=0.2^seq(0,4),lambda=50) > A <- dt$A.list[[1]] > # you can try various versions of the algorithm as below: the Fix is fastest and ECV is slowest. > system.time(HCD.result <- HCD(A,method="SC",stopping="Fix",D=4)) Begin clustering.... Error in irlba(f, nu = 2, nv = 2) : function 'as_cholmod_sparse' not provided by package 'Matrix' Calls: system.time -> HCD -> break.cl.sp -> irlba Timing stopped at: 0.006 0 0.006 Execution halted Flavor: r-oldrel-macos-arm64