CRAN Package Check Results for Package HDJM

Last updated on 2024-04-20 21:56:06 CEST.

Flavor Version Tinstall Tcheck Ttotal Status Flags
r-devel-linux-x86_64-debian-clang 0.1.0 65.69 67.52 133.21 OK
r-devel-linux-x86_64-debian-gcc 0.1.0 56.18 51.64 107.82 OK
r-devel-linux-x86_64-fedora-clang 0.1.0 177.87 OK
r-devel-linux-x86_64-fedora-gcc 0.1.0 187.38 OK
r-prerel-macos-arm64 0.1.0 47.00 NOTE
r-prerel-windows-x86_64 0.1.0 52.00 88.00 140.00 OK
r-patched-linux-x86_64 0.1.0 66.09 65.47 131.56 OK
r-release-linux-x86_64 0.1.0 67.45 66.32 133.77 OK
r-release-macos-arm64 0.1.0 52.00 NOTE
r-release-macos-x86_64 0.1.0 110.00 NOTE
r-release-windows-x86_64 0.1.0 65.00 104.00 169.00 OK
r-oldrel-macos-arm64 0.1.0 52.00 NOTE
r-oldrel-windows-x86_64 0.1.0 62.00 101.00 163.00 OK

Check Details

Version: 0.1.0
Check: installed package size
Result: NOTE installed size is 6.2Mb sub-directories of 1Mb or more: libs 5.6Mb Flavors: r-prerel-macos-arm64, r-release-macos-arm64, r-release-macos-x86_64, r-oldrel-macos-arm64