Last updated on 2023-12-09 14:49:23 CET.
Flavor | Version | Tinstall | Tcheck | Ttotal | Status | Flags |
---|---|---|---|---|---|---|
r-devel-linux-x86_64-debian-clang | 0.1.0 | 6.78 | 72.06 | 78.84 | OK | |
r-devel-linux-x86_64-debian-gcc | 0.1.0 | 6.72 | 55.17 | 61.89 | OK | |
r-devel-linux-x86_64-fedora-clang | 0.1.0 | 100.22 | OK | |||
r-devel-linux-x86_64-fedora-gcc | 0.1.0 | 95.85 | OK | |||
r-devel-windows-x86_64 | 0.1.0 | 8.00 | 70.00 | 78.00 | OK | |
r-patched-linux-x86_64 | 0.1.0 | 9.61 | 71.32 | 80.93 | OK | |
r-release-linux-x86_64 | 0.1.0 | 6.11 | 70.42 | 76.53 | OK | |
r-release-macos-arm64 | 0.1.0 | 34.00 | OK | |||
r-release-macos-x86_64 | 0.1.0 | 58.00 | OK | |||
r-release-windows-x86_64 | 0.1.0 | 9.00 | 79.00 | 88.00 | OK | |
r-oldrel-macos-arm64 | 0.1.0 | 34.00 | OK | |||
r-oldrel-macos-x86_64 | 0.1.0 | 50.00 | OK | |||
r-oldrel-windows-x86_64 | 0.1.0 | 9.00 | 85.00 | 94.00 | NOTE |
Version: 0.1.0
Check: HTML version of manual
Result: NOTE
Found the following problems:
KMHFA.Rd:128:38: Warning: nested emphasis <code>
KMHFA.Rd:132:38: Warning: nested emphasis <code>
KPCA.Rd:73:38: Warning: nested emphasis <code>
KPCA.Rd:77:38: Warning: nested emphasis <code>
KPE.Rd:83:38: Warning: nested emphasis <code>
KPE.Rd:87:38: Warning: nested emphasis <code>
Flavor: r-oldrel-windows-x86_64