Last updated on 2022-07-03 12:52:41 CEST.
Flavor | Version | Tinstall | Tcheck | Ttotal | Status | Flags |
---|---|---|---|---|---|---|
r-devel-linux-x86_64-debian-clang | 1.0.5 | 7.64 | 74.60 | 82.24 | OK | |
r-devel-linux-x86_64-debian-gcc | 1.0.5 | 4.97 | 54.83 | 59.80 | OK | |
r-devel-linux-x86_64-fedora-clang | 1.0.5 | 110.60 | OK | |||
r-devel-linux-x86_64-fedora-gcc | 1.0.5 | 103.02 | OK | |||
r-devel-windows-x86_64 | 1.0.5 | 18.00 | 107.00 | 125.00 | ERROR | |
r-patched-linux-x86_64 | 1.0.5 | 5.60 | 69.34 | 74.94 | OK | |
r-release-linux-x86_64 | 1.0.5 | 6.57 | 70.14 | 76.71 | OK | |
r-release-macos-arm64 | 1.0.5 | 34.00 | OK | |||
r-release-macos-x86_64 | 1.0.5 | 45.00 | OK | |||
r-release-windows-x86_64 | 1.0.5 | 19.00 | 102.00 | 121.00 | OK | |
r-oldrel-macos-arm64 | 1.0.5 | 38.00 | OK | |||
r-oldrel-macos-x86_64 | 1.0.5 | 67.00 | OK | |||
r-oldrel-windows-ix86+x86_64 | 1.0.5 | 18.00 | 94.00 | 112.00 | OK |
Version: 1.0.5
Check: whether package can be installed
Result: ERROR
Installation failed.
Flavor: r-devel-windows-x86_64