Last updated on 2021-03-03 19:48:08 CET.
Flavor | Version | Tinstall | Tcheck | Ttotal | Status | Flags |
---|---|---|---|---|---|---|
r-devel-linux-x86_64-debian-clang | 1.1 | 10.32 | 109.26 | 119.58 | OK | |
r-devel-linux-x86_64-debian-gcc | 1.1 | 8.25 | 83.23 | 91.48 | OK | |
r-devel-linux-x86_64-fedora-clang | 1.1 | 154.91 | OK | |||
r-devel-linux-x86_64-fedora-gcc | 1.1 | 140.93 | OK | |||
r-devel-windows-ix86+x86_64 | 1.1 | 26.00 | 126.00 | 152.00 | OK | |
r-patched-linux-x86_64 | 1.1 | 7.05 | 103.60 | 110.65 | OK | |
r-patched-solaris-x86 | 1.1 | 183.10 | OK | |||
r-release-linux-x86_64 | 1.1 | 7.30 | 104.03 | 111.33 | OK | |
r-release-macos-x86_64 | 1.1 | OK | ||||
r-release-windows-ix86+x86_64 | 1.1 | 20.00 | 92.00 | 112.00 | OK | |
r-oldrel-macos-x86_64 | 1.1 | WARN | ||||
r-oldrel-windows-ix86+x86_64 | 1.1 | 22.00 | 117.00 | 139.00 | OK |
Version: 1.1
Check: whether package can be installed
Result: WARN
Found the following significant warnings:
Warning: 'rgl.init' failed, running with 'rgl.useNULL = TRUE'.
Flavor: r-oldrel-macos-x86_64