CRAN Package Check Results for Package HDiR

Last updated on 2024-06-13 16:49:10 CEST.

Flavor Version Tinstall Tcheck Ttotal Status Flags
r-devel-linux-x86_64-debian-clang 1.1.3 55.29 429.19 484.48 OK
r-devel-linux-x86_64-debian-gcc 1.1.3 0.41 1.74 2.15 ERROR
r-devel-linux-x86_64-fedora-clang 1.1.3 588.57 OK
r-devel-linux-x86_64-fedora-gcc 1.1.3 557.75 OK
r-devel-windows-x86_64 1.1.3 25.00 205.00 230.00 OK
r-patched-linux-x86_64 1.1.3 30.25 411.82 442.07 OK
r-release-linux-x86_64 1.1.3 30.91 411.30 442.21 OK
r-release-macos-arm64 1.1.3 278.00 OK
r-release-macos-x86_64 1.1.3 312.00 OK
r-release-windows-x86_64 1.1.3 23.00 209.00 232.00 OK
r-oldrel-macos-arm64 1.1.3 55.00 OK
r-oldrel-macos-x86_64 1.1.3 97.00 OK
r-oldrel-windows-x86_64 1.1.3 35.00 265.00 300.00 OK

Check Details

Version: 1.1.3
Check: package dependencies
Result: ERROR Package required but not available: ‘Directional’ Package suggested but not available for checking: ‘ggplot2’ See section ‘The DESCRIPTION file’ in the ‘Writing R Extensions’ manual. Flavor: r-devel-linux-x86_64-debian-gcc