CRAN Package Check Results for Package HGSL

Last updated on 2021-10-19 23:52:57 CEST.

Flavor Version Tinstall Tcheck Ttotal Status Flags
r-devel-linux-x86_64-debian-clang 1.0.0 1.76 18.97 20.73 NOTE
r-devel-linux-x86_64-debian-gcc 1.0.0 1.59 15.12 16.71 NOTE
r-devel-linux-x86_64-fedora-clang 1.0.0 36.07 NOTE
r-devel-linux-x86_64-fedora-gcc 1.0.0 25.68 NOTE
r-devel-windows-x86_64 1.0.0 3.00 31.00 34.00 NOTE
r-devel-windows-x86_64-gcc10-UCRT 1.0.0 NOTE
r-patched-linux-x86_64 1.0.0 1.89 18.34 20.23 NOTE
r-patched-solaris-x86 1.0.0 41.50 NOTE
r-release-linux-x86_64 1.0.0 1.69 19.00 20.69 NOTE
r-release-macos-arm64 1.0.0 NOTE
r-release-macos-x86_64 1.0.0 NOTE
r-release-windows-ix86+x86_64 1.0.0 5.00 29.00 34.00 NOTE
r-oldrel-macos-x86_64 1.0.0 OK
r-oldrel-windows-ix86+x86_64 1.0.0 4.00 29.00 33.00 OK

Check Details

Version: 1.0.0
Check: LazyData
Result: NOTE
     'LazyData' is specified without a 'data' directory
Flavors: r-devel-linux-x86_64-debian-clang, r-devel-linux-x86_64-debian-gcc, r-devel-linux-x86_64-fedora-clang, r-devel-linux-x86_64-fedora-gcc, r-devel-windows-x86_64, r-devel-windows-x86_64-gcc10-UCRT, r-patched-linux-x86_64, r-patched-solaris-x86, r-release-linux-x86_64, r-release-macos-arm64, r-release-macos-x86_64, r-release-windows-ix86+x86_64