CRAN Package Check Results for Package HHG

Last updated on 2022-08-09 21:52:47 CEST.

Flavor Version Tinstall Tcheck Ttotal Status Flags
r-devel-linux-x86_64-debian-clang 2.3.4 37.43 56.01 93.44 OK
r-devel-linux-x86_64-debian-gcc 2.3.4 28.28 43.57 71.85 OK
r-devel-linux-x86_64-fedora-clang 2.3.4 135.51 NOTE
r-devel-linux-x86_64-fedora-gcc 2.3.4 122.76 NOTE
r-devel-windows-x86_64 2.3.4 43.00 104.00 147.00 OK
r-patched-linux-x86_64 2.3.4 28.14 52.93 81.07 OK
r-release-linux-x86_64 2.3.4 OK
r-release-macos-arm64 2.3.4 40.00 NOTE
r-release-macos-x86_64 2.3.4 49.00 NOTE
r-release-windows-x86_64 2.3.4 51.00 106.00 157.00 OK
r-oldrel-macos-arm64 2.3.4 46.00 NOTE
r-oldrel-macos-x86_64 2.3.4 67.00 NOTE
r-oldrel-windows-ix86+x86_64 2.3.4 87.00 110.00 197.00 OK

Check Details

Version: 2.3.4
Check: dependencies in R code
Result: NOTE
    Namespace in Imports field not imported from: ‘rmarkdown’
     All declared Imports should be used.
Flavors: r-devel-linux-x86_64-fedora-clang, r-devel-linux-x86_64-fedora-gcc, r-release-macos-arm64, r-release-macos-x86_64, r-oldrel-macos-arm64, r-oldrel-macos-x86_64