Last updated on 2021-01-23 22:55:10 CET.
Flavor | Version | Tinstall | Tcheck | Ttotal | Status | Flags |
---|---|---|---|---|---|---|
r-devel-linux-x86_64-debian-clang | 2.3.2 | 36.29 | 49.11 | 85.40 | NOTE | |
r-devel-linux-x86_64-debian-gcc | 2.3.2 | 23.14 | 38.75 | 61.89 | NOTE | |
r-devel-linux-x86_64-fedora-clang | 2.3.2 | 120.87 | OK | |||
r-devel-linux-x86_64-fedora-gcc | 2.3.2 | 108.95 | OK | |||
r-devel-windows-ix86+x86_64 | 2.3.2 | 83.00 | 102.00 | 185.00 | NOTE | |
r-patched-linux-x86_64 | 2.3.2 | 28.07 | 47.81 | 75.88 | NOTE | |
r-patched-solaris-x86 | 2.3.2 | 117.90 | OK | |||
r-release-linux-x86_64 | 2.3.2 | 26.95 | 47.97 | 74.92 | NOTE | |
r-release-macos-x86_64 | 2.3.2 | OK | ||||
r-release-windows-ix86+x86_64 | 2.3.2 | 71.00 | 97.00 | 168.00 | NOTE | |
r-oldrel-macos-x86_64 | 2.3.2 | OK | ||||
r-oldrel-windows-ix86+x86_64 | 2.3.2 | 78.00 | 83.00 | 161.00 | OK |
Version: 2.3.2
Check: package vignettes
Result: NOTE
Package vignette with placeholder title 'Vignette Title':
'HHG.Rmd'
Flavors: r-devel-linux-x86_64-debian-clang, r-devel-linux-x86_64-debian-gcc, r-devel-windows-ix86+x86_64, r-patched-linux-x86_64, r-release-linux-x86_64, r-release-windows-ix86+x86_64