CRAN Package Check Results for Package HKprocess

Last updated on 2020-07-12 02:46:45 CEST.

Flavor Version Tinstall Tcheck Ttotal Status Flags
r-devel-linux-x86_64-debian-clang 0.0-2 10.17 71.03 81.20 NOTE
r-devel-linux-x86_64-debian-gcc 0.0-2 8.56 58.49 67.05 NOTE
r-devel-linux-x86_64-fedora-clang 0.0-2 114.54 NOTE
r-devel-linux-x86_64-fedora-gcc 0.0-2 97.61 NOTE
r-devel-windows-ix86+x86_64 0.0-2 30.00 141.00 171.00 NOTE
r-patched-linux-x86_64 0.0-2 10.67 76.14 86.81 NOTE
r-patched-solaris-x86 0.0-2 146.90 NOTE
r-release-linux-x86_64 0.0-2 10.75 76.43 87.18 NOTE
r-release-macos-x86_64 0.0-2 NOTE
r-release-windows-ix86+x86_64 0.0-2 39.00 159.00 198.00 NOTE
r-oldrel-macos-x86_64 0.0-2 NOTE
r-oldrel-windows-ix86+x86_64 0.0-2 41.00 130.00 171.00 OK

Check Details

Version: 0.0-2
Check: package dependencies
Result: NOTE
    Package suggested but not available for checking: 'FGN'
Flavors: r-devel-linux-x86_64-debian-clang, r-devel-linux-x86_64-debian-gcc, r-devel-linux-x86_64-fedora-clang, r-devel-linux-x86_64-fedora-gcc, r-devel-windows-ix86+x86_64, r-patched-linux-x86_64, r-patched-solaris-x86, r-release-linux-x86_64, r-release-macos-x86_64, r-release-windows-ix86+x86_64, r-oldrel-macos-x86_64

Version: 0.0-2
Check: compiled code
Result: NOTE
    File ‘HKprocess/libs/HKprocess.so’:
     Found no calls to: ‘R_registerRoutines’, ‘R_useDynamicSymbols’
    
    It is good practice to register native routines and to disable symbol
    search.
    
    See ‘Writing portable packages’ in the ‘Writing R Extensions’ manual.
Flavors: r-devel-linux-x86_64-fedora-clang, r-devel-linux-x86_64-fedora-gcc