Last updated on 2022-08-13 20:49:05 CEST.
Flavor | Version | Tinstall | Tcheck | Ttotal | Status | Flags |
---|---|---|---|---|---|---|
r-devel-linux-x86_64-debian-clang | 0.0-2 | 13.51 | 81.85 | 95.36 | NOTE | |
r-devel-linux-x86_64-debian-gcc | 0.0-2 | 9.21 | 64.53 | 73.74 | NOTE | |
r-devel-linux-x86_64-fedora-clang | 0.0-2 | 127.45 | NOTE | |||
r-devel-linux-x86_64-fedora-gcc | 0.0-2 | 127.24 | NOTE | |||
r-devel-windows-x86_64 | 0.0-2 | 27.00 | 106.00 | 133.00 | NOTE | |
r-patched-linux-x86_64 | 0.0-2 | 12.69 | 81.15 | 93.84 | NOTE | |
r-release-linux-x86_64 | 0.0-2 | 12.66 | 82.79 | 95.45 | NOTE | |
r-release-macos-arm64 | 0.0-2 | 53.00 | NOTE | |||
r-release-macos-x86_64 | 0.0-2 | 51.00 | NOTE | |||
r-release-windows-x86_64 | 0.0-2 | 33.00 | 110.00 | 143.00 | NOTE | |
r-oldrel-macos-arm64 | 0.0-2 | 45.00 | NOTE | |||
r-oldrel-macos-x86_64 | 0.0-2 | 59.00 | NOTE | |||
r-oldrel-windows-ix86+x86_64 | 0.0-2 | 33.00 | 137.00 | 170.00 | NOTE |
Version: 0.0-2
Check: package dependencies
Result: NOTE
Package suggested but not available for checking: 'FGN'
Flavors: r-devel-linux-x86_64-debian-clang, r-devel-linux-x86_64-debian-gcc, r-devel-linux-x86_64-fedora-clang, r-devel-linux-x86_64-fedora-gcc, r-devel-windows-x86_64, r-patched-linux-x86_64, r-release-linux-x86_64, r-release-macos-arm64, r-release-macos-x86_64, r-release-windows-x86_64, r-oldrel-macos-arm64, r-oldrel-macos-x86_64, r-oldrel-windows-ix86+x86_64
Version: 0.0-2
Check: compiled code
Result: NOTE
File ‘HKprocess/libs/HKprocess.so’:
Found no calls to: ‘R_registerRoutines’, ‘R_useDynamicSymbols’
It is good practice to register native routines and to disable symbol
search.
See ‘Writing portable packages’ in the ‘Writing R Extensions’ manual.
Flavors: r-devel-linux-x86_64-fedora-clang, r-devel-linux-x86_64-fedora-gcc