Last updated on 2022-08-13 07:55:23 CEST.
Flavor | Version | Tinstall | Tcheck | Ttotal | Status | Flags |
---|---|---|---|---|---|---|
r-devel-linux-x86_64-debian-clang | 1.9.18 | 4.31 | 37.73 | 42.04 | NOTE | |
r-devel-linux-x86_64-debian-gcc | 1.9.18 | 3.46 | 30.21 | 33.67 | NOTE | |
r-devel-linux-x86_64-fedora-clang | 1.9.18 | 72.38 | NOTE | |||
r-devel-linux-x86_64-fedora-gcc | 1.9.18 | 62.44 | NOTE | |||
r-devel-windows-x86_64 | 1.9.18 | 15.00 | 63.00 | 78.00 | NOTE | |
r-patched-linux-x86_64 | 1.9.18 | 3.96 | 37.05 | 41.01 | OK | |
r-release-linux-x86_64 | 1.9.18 | 4.22 | 37.37 | 41.59 | OK | |
r-release-macos-arm64 | 1.9.18 | 21.00 | OK | |||
r-release-macos-x86_64 | 1.9.18 | 31.00 | OK | |||
r-release-windows-x86_64 | 1.9.18 | 8.00 | 64.00 | 72.00 | OK | |
r-oldrel-macos-arm64 | 1.9.18 | 20.00 | OK | |||
r-oldrel-macos-x86_64 | 1.9.18 | 26.00 | OK | |||
r-oldrel-windows-ix86+x86_64 | 1.9.18 | 10.00 | 56.00 | 66.00 | OK |
Version: 1.9.18
Check: package subdirectories
Result: NOTE
Problems with news in 'NEWS.md':
No news entries found.
Flavors: r-devel-linux-x86_64-debian-clang, r-devel-linux-x86_64-debian-gcc, r-devel-linux-x86_64-fedora-clang, r-devel-linux-x86_64-fedora-gcc, r-devel-windows-x86_64