CRAN Package Check Results for Package HMM

Last updated on 2021-05-14 11:50:46 CEST.

Flavor Version Tinstall Tcheck Ttotal Status Flags
r-devel-linux-x86_64-debian-clang 1.0 2.30 27.43 29.73 NOTE
r-devel-linux-x86_64-debian-gcc 1.0 1.78 21.38 23.16 NOTE
r-devel-linux-x86_64-fedora-clang 1.0 46.02 NOTE
r-devel-linux-x86_64-fedora-gcc 1.0 36.14 NOTE
r-devel-windows-ix86+x86_64 1.0 5.00 38.00 43.00 NOTE
r-devel-windows-x86_64-gcc10-UCRT 1.0 NOTE
r-patched-linux-x86_64 1.0 2.74 26.38 29.12 NOTE
r-patched-solaris-x86 1.0 49.80 NOTE
r-release-linux-x86_64 1.0 1.82 26.34 28.16 NOTE
r-release-macos-x86_64 1.0 NOTE
r-release-windows-ix86+x86_64 1.0 4.00 37.00 41.00 NOTE
r-oldrel-macos-x86_64 1.0 NOTE
r-oldrel-windows-ix86+x86_64 1.0 5.00 47.00 52.00 NOTE

Check Details

Version: 1.0
Check: DESCRIPTION meta-information
Result: NOTE
    Malformed Description field: should contain one or more complete sentences.
Flavors: r-devel-linux-x86_64-debian-clang, r-devel-linux-x86_64-debian-gcc, r-devel-linux-x86_64-fedora-clang, r-devel-linux-x86_64-fedora-gcc, r-devel-windows-ix86+x86_64, r-devel-windows-x86_64-gcc10-UCRT, r-patched-linux-x86_64, r-patched-solaris-x86, r-release-linux-x86_64, r-release-macos-x86_64, r-release-windows-ix86+x86_64, r-oldrel-macos-x86_64, r-oldrel-windows-ix86+x86_64

Version: 1.0
Check: R code for possible problems
Result: NOTE
    dishonestCasino: no visible global function definition for 'axis'
    dishonestCasino: no visible global function definition for 'text'
    dishonestCasino: no visible global function definition for 'rect'
    dishonestCasino: no visible global function definition for 'rgb'
    dishonestCasino: no visible global function definition for 'points'
    Undefined global functions or variables:
     axis points rect rgb text
    Consider adding
     importFrom("grDevices", "rgb")
     importFrom("graphics", "axis", "points", "rect", "text")
    to your NAMESPACE file.
Flavors: r-devel-linux-x86_64-debian-clang, r-devel-linux-x86_64-debian-gcc, r-devel-linux-x86_64-fedora-clang, r-devel-linux-x86_64-fedora-gcc, r-devel-windows-ix86+x86_64, r-devel-windows-x86_64-gcc10-UCRT, r-patched-linux-x86_64, r-patched-solaris-x86, r-release-linux-x86_64, r-release-macos-x86_64, r-release-windows-ix86+x86_64

Version: 1.0
Check: R code for possible problems
Result: NOTE
    dishonestCasino: no visible global function definition for ‘plot’
    dishonestCasino: no visible global function definition for ‘axis’
    dishonestCasino: no visible global function definition for ‘text’
    dishonestCasino: no visible global function definition for ‘rect’
    dishonestCasino: no visible global function definition for ‘rgb’
    dishonestCasino: no visible global function definition for ‘points’
    Undefined global functions or variables:
     axis plot points rect rgb text
    Consider adding
     importFrom("grDevices", "rgb")
     importFrom("graphics", "axis", "plot", "points", "rect", "text")
    to your NAMESPACE file.
Flavors: r-oldrel-macos-x86_64, r-oldrel-windows-ix86+x86_64