CRAN Package Check Results for Package HMMmlselect

Last updated on 2021-06-15 11:50:10 CEST.

Flavor Version Tinstall Tcheck Ttotal Status Flags
r-devel-linux-x86_64-debian-clang 0.1.6 30.98 90.75 121.73 NOTE
r-devel-linux-x86_64-debian-gcc 0.1.6 23.86 68.89 92.75 NOTE
r-devel-linux-x86_64-fedora-clang 0.1.6 160.89 NOTE
r-devel-linux-x86_64-fedora-gcc 0.1.6 148.95 NOTE
r-devel-windows-x86_64 0.1.6 42.00 126.00 168.00 NOTE
r-devel-windows-x86_64-gcc10-UCRT 0.1.6 NOTE
r-patched-linux-x86_64 0.1.6 28.27 86.04 114.31 NOTE
r-patched-solaris-x86 0.1.6 213.80 NOTE
r-release-linux-x86_64 0.1.6 26.82 85.80 112.62 NOTE
r-release-macos-arm64 0.1.6 NOTE
r-release-macos-x86_64 0.1.6 NOTE
r-release-windows-ix86+x86_64 0.1.6 71.00 187.00 258.00 NOTE
r-oldrel-macos-x86_64 0.1.6 OK
r-oldrel-windows-ix86+x86_64 0.1.6 54.00 197.00 251.00 OK

Check Details

Version: 0.1.6
Check: LazyData
Result: NOTE
     'LazyData' is specified without a 'data' directory
Flavors: r-devel-linux-x86_64-debian-clang, r-devel-linux-x86_64-debian-gcc, r-devel-linux-x86_64-fedora-clang, r-devel-linux-x86_64-fedora-gcc, r-devel-windows-x86_64, r-devel-windows-x86_64-gcc10-UCRT, r-patched-linux-x86_64, r-patched-solaris-x86, r-release-linux-x86_64, r-release-macos-arm64, r-release-macos-x86_64, r-release-windows-ix86+x86_64