CRAN Package Check Results for Package HRW

Last updated on 2019-09-23 11:48:20 CEST.

Flavor Version Tinstall Tcheck Ttotal Status Flags
r-devel-linux-x86_64-debian-clang 1.0-3 6.75 42.70 49.45 OK
r-devel-linux-x86_64-debian-gcc 1.0-3 5.29 33.57 38.86 OK
r-devel-linux-x86_64-fedora-clang 1.0-3 57.16 NOTE
r-devel-linux-x86_64-fedora-gcc 1.0-3 57.80 OK
r-devel-windows-ix86+x86_64 1.0-3 18.00 81.00 99.00 NOTE
r-patched-linux-x86_64 1.0-3 5.94 40.24 46.18 OK
r-patched-solaris-x86 1.0-3 87.70 NOTE
r-release-linux-x86_64 1.0-3 5.47 42.36 47.83 OK
r-release-windows-ix86+x86_64 1.0-3 24.00 80.00 104.00 NOTE
r-release-osx-x86_64 1.0-3 NOTE
r-oldrel-windows-ix86+x86_64 1.0-3 10.00 61.00 71.00 NOTE
r-oldrel-osx-x86_64 1.0-3 NOTE

Check Details

Version: 1.0-3
Check: installed package size
Result: NOTE
     installed size is 9.3Mb
     sub-directories of 1Mb or more:
     data 8.8Mb
Flavors: r-devel-linux-x86_64-fedora-clang, r-devel-windows-ix86+x86_64, r-patched-solaris-x86, r-release-windows-ix86+x86_64, r-release-osx-x86_64, r-oldrel-windows-ix86+x86_64, r-oldrel-osx-x86_64