CRAN Package Check Results for Package HRW

Last updated on 2019-06-20 10:51:46 CEST.

Flavor Version Tinstall Tcheck Ttotal Status Flags
r-devel-linux-x86_64-debian-clang 1.0-3 6.13 41.79 47.92 OK
r-devel-linux-x86_64-debian-gcc 1.0-3 5.54 33.77 39.31 OK
r-devel-linux-x86_64-fedora-clang 1.0-3 56.28 NOTE
r-devel-linux-x86_64-fedora-gcc 1.0-3 55.27 OK
r-devel-windows-ix86+x86_64 1.0-3 19.00 78.00 97.00 NOTE
r-patched-linux-x86_64 1.0-3 6.21 41.76 47.97 OK
r-patched-solaris-x86 1.0-3 88.50 NOTE
r-release-linux-x86_64 1.0-3 6.19 41.86 48.05 OK
r-release-windows-ix86+x86_64 1.0-3 16.00 73.00 89.00 NOTE
r-release-osx-x86_64 1.0-3 NOTE
r-oldrel-windows-ix86+x86_64 1.0-3 8.00 80.00 88.00 NOTE
r-oldrel-osx-x86_64 1.0-3 NOTE

Check Details

Version: 1.0-3
Check: installed package size
Result: NOTE
     installed size is 9.3Mb
     sub-directories of 1Mb or more:
     data 8.8Mb
Flavors: r-devel-linux-x86_64-fedora-clang, r-devel-windows-ix86+x86_64, r-patched-solaris-x86, r-release-windows-ix86+x86_64, r-release-osx-x86_64, r-oldrel-windows-ix86+x86_64, r-oldrel-osx-x86_64