CRAN Package Check Results for Package HSAR

Last updated on 2019-04-23 10:48:09 CEST.

Flavor Version Tinstall Tcheck Ttotal Status Flags
r-devel-linux-x86_64-debian-clang 0.4.2 120.50 115.83 236.33 WARN
r-devel-linux-x86_64-debian-gcc 0.4.2 100.35 98.52 198.87 OK
r-devel-linux-x86_64-fedora-clang 0.4.2 332.15 WARN
r-devel-linux-x86_64-fedora-gcc 0.4.2 325.58 OK
r-devel-windows-ix86+x86_64 0.4.2 279.00 242.00 521.00 OK
r-patched-linux-x86_64 0.4.2 117.23 115.93 233.16 OK
r-patched-solaris-x86 0.4.2 420.00 OK
r-release-linux-x86_64 0.4.2 108.29 114.78 223.07 OK
r-release-windows-ix86+x86_64 0.4.2 197.00 167.00 364.00 OK
r-release-osx-x86_64 0.4.2 NOTE
r-oldrel-windows-ix86+x86_64 0.4.2 199.00 218.00 417.00 OK
r-oldrel-osx-x86_64 0.4.2 NOTE

Check Details

Version: 0.4.2
Check: whether package can be installed
Result: WARN
    Found the following significant warnings:
     sar.cpp:210:32: warning: explicitly assigning value of variable of type 'arma::sp_mat' (aka 'SpMat<double>') to itself [-Wself-assign-overloaded]
Flavors: r-devel-linux-x86_64-debian-clang, r-devel-linux-x86_64-fedora-clang

Version: 0.4.2
Check: installed package size
Result: NOTE
     installed size is 8.8Mb
     sub-directories of 1Mb or more:
     libs 8.3Mb
Flavors: r-devel-linux-x86_64-fedora-clang, r-release-osx-x86_64, r-oldrel-osx-x86_64