CRAN Package Check Results for Package HSAR

Last updated on 2019-08-24 22:46:27 CEST.

Flavor Version Tinstall Tcheck Ttotal Status Flags
r-devel-linux-x86_64-debian-clang 0.4.2 119.20 115.46 234.66 WARN
r-devel-linux-x86_64-debian-gcc 0.4.2 97.17 93.00 190.17 OK
r-devel-linux-x86_64-fedora-clang 0.4.2 338.42 WARN
r-devel-linux-x86_64-fedora-gcc 0.4.2 335.10 OK
r-devel-windows-ix86+x86_64 0.4.2 205.00 181.00 386.00 OK
r-patched-linux-x86_64 0.4.2 109.98 116.36 226.34 OK
r-patched-solaris-x86 0.4.2 421.90 OK
r-release-linux-x86_64 0.4.2 108.94 117.84 226.78 OK
r-release-windows-ix86+x86_64 0.4.2 293.00 237.00 530.00 OK
r-release-osx-x86_64 0.4.2 WARN
r-oldrel-windows-ix86+x86_64 0.4.2 274.00 223.00 497.00 OK
r-oldrel-osx-x86_64 0.4.2 NOTE

Check Details

Version: 0.4.2
Check: whether package can be installed
Result: WARN
    Found the following significant warnings:
     sar.cpp:210:32: warning: explicitly assigning value of variable of type 'arma::sp_mat' (aka 'SpMat<double>') to itself [-Wself-assign-overloaded]
Flavors: r-devel-linux-x86_64-debian-clang, r-devel-linux-x86_64-fedora-clang, r-release-osx-x86_64

Version: 0.4.2
Check: installed package size
Result: NOTE
     installed size is 10.3Mb
     sub-directories of 1Mb or more:
     libs 9.8Mb
Flavors: r-devel-linux-x86_64-fedora-clang, r-release-osx-x86_64, r-oldrel-osx-x86_64