CRAN Package Check Results for Package HSAUR3

Last updated on 2019-03-25 10:48:31 CET.

Flavor Version Tinstall Tcheck Ttotal Status Flags
r-devel-linux-x86_64-debian-clang 1.0-9 3.61 205.07 208.68 OK
r-devel-linux-x86_64-debian-gcc 1.0-9 2.48 163.14 165.62 OK
r-devel-linux-x86_64-fedora-clang 1.0-9 265.56 NOTE
r-devel-linux-x86_64-fedora-gcc 1.0-9 269.98 OK
r-devel-windows-ix86+x86_64 1.0-9 17.00 78.00 95.00 OK --no-vignettes
r-patched-linux-x86_64 1.0-9 2.84 175.51 178.35 OK
r-patched-solaris-x86 1.0-9 324.60 NOTE
r-release-linux-x86_64 1.0-9 2.93 174.27 177.20 OK
r-release-windows-ix86+x86_64 1.0-9 15.00 80.00 95.00 OK --no-vignettes
r-release-osx-x86_64 1.0-9 OK
r-oldrel-windows-ix86+x86_64 1.0-9 7.00 74.00 81.00 OK --no-vignettes
r-oldrel-osx-x86_64 1.0-9 OK

Check Details

Version: 1.0-9
Check: installed package size
Result: NOTE
     installed size is 5.0Mb
     sub-directories of 1Mb or more:
     doc 3.7Mb
Flavors: r-devel-linux-x86_64-fedora-clang, r-patched-solaris-x86