Last updated on 2023-09-30 01:49:58 CEST.
Flavor | Version | Tinstall | Tcheck | Ttotal | Status | Flags |
---|---|---|---|---|---|---|
r-devel-linux-x86_64-debian-clang | 0.1 | 7.78 | 78.00 | 85.78 | NOTE | |
r-devel-linux-x86_64-debian-gcc | 0.1 | 7.10 | 60.08 | 67.18 | NOTE | |
r-devel-linux-x86_64-fedora-clang | 0.1 | 103.88 | NOTE | |||
r-devel-linux-x86_64-fedora-gcc | 0.1 | 112.09 | NOTE | |||
r-devel-windows-x86_64 | 0.1 | 9.00 | 79.00 | 88.00 | NOTE | |
r-patched-linux-x86_64 | 0.1 | 10.80 | 76.11 | 86.91 | NOTE | |
r-release-linux-x86_64 | 0.1 | 9.00 | 75.78 | 84.78 | NOTE | |
r-release-macos-arm64 | 0.1 | 36.00 | NOTE | |||
r-release-macos-x86_64 | 0.1 | 53.00 | NOTE | |||
r-release-windows-x86_64 | 0.1 | 11.00 | 89.00 | 100.00 | NOTE | |
r-oldrel-macos-arm64 | 0.1 | 36.00 | NOTE | |||
r-oldrel-macos-x86_64 | 0.1 | 46.00 | NOTE | |||
r-oldrel-windows-x86_64 | 0.1 | 12.00 | 93.00 | 105.00 | NOTE |
Version: 0.1
Check: LazyData
Result: NOTE
'LazyData' is specified without a 'data' directory
Flavors: r-devel-linux-x86_64-debian-clang, r-devel-linux-x86_64-debian-gcc, r-devel-linux-x86_64-fedora-clang, r-devel-linux-x86_64-fedora-gcc, r-devel-windows-x86_64, r-patched-linux-x86_64, r-release-linux-x86_64, r-release-macos-arm64, r-release-macos-x86_64, r-release-windows-x86_64, r-oldrel-macos-arm64, r-oldrel-macos-x86_64, r-oldrel-windows-x86_64